CRAN Package Check Results for Package gginference

Last updated on 2020-03-30 20:48:29 CEST.

Flavor Version Tinstall Tcheck Ttotal Status Flags
r-devel-linux-x86_64-debian-clang 0.1.1 3.76 46.96 50.72 OK
r-devel-linux-x86_64-debian-gcc 0.1.1 3.50 36.33 39.83 OK
r-devel-linux-x86_64-fedora-clang 0.1.1 60.91 NOTE
r-devel-linux-x86_64-fedora-gcc 0.1.1 60.18 NOTE
r-devel-windows-ix86+x86_64 0.1.0 16.00 58.00 74.00 OK
r-devel-windows-ix86+x86_64-gcc8 0.1.1 15.00 58.00 73.00 OK
r-patched-linux-x86_64 0.1.1 3.90 44.81 48.71 OK
r-patched-solaris-x86 0.1.1 89.30 NOTE
r-release-linux-x86_64 0.1.1 3.56 42.86 46.42 OK
r-release-windows-ix86+x86_64 0.1.1 21.00 88.00 109.00 OK
r-release-osx-x86_64 0.1.1 NOTE
r-oldrel-windows-ix86+x86_64 0.1.1 6.00 75.00 81.00 OK
r-oldrel-osx-x86_64 0.1.1 NOTE

Check Details

Version: 0.1.1
Check: dependencies in R code
Result: NOTE
    Namespace in Imports field not imported from: ‘utils’
     All declared Imports should be used.
Flavors: r-devel-linux-x86_64-fedora-clang, r-devel-linux-x86_64-fedora-gcc, r-patched-solaris-x86, r-release-osx-x86_64, r-oldrel-osx-x86_64