CRAN Package Check Results for Package gggibbous

Last updated on 2020-03-30 20:48:29 CEST.

Flavor Version Tinstall Tcheck Ttotal Status Flags
r-devel-linux-x86_64-debian-clang 0.1.0 3.85 58.18 62.03 OK
r-devel-linux-x86_64-debian-gcc 0.1.0 2.86 45.66 48.52 OK
r-devel-linux-x86_64-fedora-clang 0.1.0 71.37 OK
r-devel-linux-x86_64-fedora-gcc 0.1.0 72.42 OK
r-devel-windows-ix86+x86_64 0.1.0 16.00 64.00 80.00 OK
r-devel-windows-ix86+x86_64-gcc8 0.1.0 14.00 68.00 82.00 OK
r-patched-linux-x86_64 0.1.0 3.87 55.32 59.19 OK
r-patched-solaris-x86 0.1.0 107.80 OK
r-release-linux-x86_64 0.1.0 3.06 61.35 64.41 OK
r-release-windows-ix86+x86_64 0.1.0 20.00 118.00 138.00 OK
r-release-osx-x86_64 0.1.0 OK
r-oldrel-osx-x86_64 0.1.0 ERROR

Check Details

Version: 0.1.0
Check: whether package can be installed
Result: ERROR
    Installation failed.
Flavor: r-oldrel-osx-x86_64