CRAN Package Check Results for Package ggformula

Last updated on 2020-03-30 20:48:29 CEST.

Flavor Version Tinstall Tcheck Ttotal Status Flags
r-devel-linux-x86_64-debian-clang 0.9.4 19.06 323.72 342.78 OK
r-devel-linux-x86_64-debian-gcc 0.9.4 17.27 234.76 252.03 OK
r-devel-linux-x86_64-fedora-clang 0.9.4 380.35 OK
r-devel-linux-x86_64-fedora-gcc 0.9.4 379.24 OK
r-devel-windows-ix86+x86_64 0.9.4 30.00 321.00 351.00 OK
r-devel-windows-ix86+x86_64-gcc8 0.9.4 29.00 318.00 347.00 OK
r-patched-linux-x86_64 0.9.4 17.94 301.64 319.58 OK
r-patched-solaris-x86 0.9.4 517.50 NOTE
r-release-linux-x86_64 0.9.4 16.91 308.75 325.66 OK
r-release-windows-ix86+x86_64 0.9.4 42.00 551.00 593.00 OK
r-release-osx-x86_64 0.9.4 OK
r-oldrel-windows-ix86+x86_64 0.9.4 37.00 503.00 540.00 OK
r-oldrel-osx-x86_64 0.9.4 OK

Check Details

Version: 0.9.4
Check: installed package size
Result: NOTE
     installed size is 5.3Mb
     sub-directories of 1Mb or more:
     doc 3.0Mb
     tutorials 1.0Mb
Flavor: r-patched-solaris-x86