CRAN Package Check Results for Package ggeffects

Last updated on 2021-04-15 09:50:00 CEST.

Flavor Version Tinstall Tcheck Ttotal Status Flags
r-devel-linux-x86_64-debian-clang 1.0.2 8.33 447.52 455.85 OK
r-devel-linux-x86_64-debian-gcc 1.0.2 7.13 331.32 338.45 OK
r-devel-linux-x86_64-fedora-clang 1.0.2 533.39 OK
r-devel-linux-x86_64-fedora-gcc 1.0.2 523.16 OK
r-devel-windows-ix86+x86_64 1.0.2 17.00 596.00 613.00 OK
r-devel-windows-x86_64-gcc10-UCRT 1.0.2 NOTE
r-patched-linux-x86_64 1.0.2 9.72 431.44 441.16 OK
r-patched-solaris-x86 1.0.2 678.50 OK
r-release-linux-x86_64 1.0.2 8.82 434.70 443.52 OK
r-release-macos-x86_64 1.0.2 OK
r-release-windows-ix86+x86_64 1.0.2 14.00 546.00 560.00 OK
r-oldrel-macos-x86_64 1.0.2 OK
r-oldrel-windows-ix86+x86_64 1.0.2 15.00 399.00 414.00 OK

Check Details

Version: 1.0.2
Check: package dependencies
Result: NOTE
    Package suggested but not available for checking: 'rstanarm'
Flavor: r-devel-windows-x86_64-gcc10-UCRT