CRAN Package Check Results for Package ggedit

Last updated on 2020-03-30 20:48:29 CEST.

Flavor Version Tinstall Tcheck Ttotal Status Flags
r-devel-linux-x86_64-debian-clang 0.3.0 9.18 73.33 82.51 OK
r-devel-linux-x86_64-debian-gcc 0.3.0 8.65 57.01 65.66 OK
r-devel-linux-x86_64-fedora-clang 0.3.0 99.58 NOTE
r-devel-linux-x86_64-fedora-gcc 0.3.0 98.02 NOTE
r-devel-windows-ix86+x86_64 0.3.0 25.00 83.00 108.00 OK
r-devel-windows-ix86+x86_64-gcc8 0.3.0 22.00 87.00 109.00 OK
r-patched-linux-x86_64 0.3.0 8.87 69.74 78.61 OK
r-patched-solaris-x86 0.3.0 140.40 NOTE
r-release-linux-x86_64 0.3.0 8.37 66.37 74.74 OK
r-release-windows-ix86+x86_64 0.3.0 27.00 117.00 144.00 OK
r-release-osx-x86_64 0.3.0 NOTE
r-oldrel-windows-ix86+x86_64 0.3.0 23.00 122.00 145.00 OK
r-oldrel-osx-x86_64 0.3.0 NOTE

Check Details

Version: 0.3.0
Check: dependencies in R code
Result: NOTE
    Namespace in Imports field not imported from: ‘magrittr’
     All declared Imports should be used.
Flavors: r-devel-linux-x86_64-fedora-clang, r-devel-linux-x86_64-fedora-gcc, r-patched-solaris-x86, r-release-osx-x86_64, r-oldrel-osx-x86_64