CRAN Package Check Results for Package ggdendro

Last updated on 2021-04-15 09:50:00 CEST.

Flavor Version Tinstall Tcheck Ttotal Status Flags
r-devel-linux-x86_64-debian-clang 0.1.22 5.40 65.62 71.02 NOTE
r-devel-linux-x86_64-debian-gcc 0.1.22 4.09 48.20 52.29 NOTE
r-devel-linux-x86_64-fedora-clang 0.1.22 92.69 NOTE
r-devel-linux-x86_64-fedora-gcc 0.1.22 80.45 NOTE
r-devel-windows-ix86+x86_64 0.1.22 15.00 83.00 98.00 NOTE
r-devel-windows-x86_64-gcc10-UCRT 0.1.22 NOTE
r-patched-linux-x86_64 0.1.22 5.26 60.32 65.58 OK
r-patched-solaris-x86 0.1.22 115.50 OK
r-release-linux-x86_64 0.1.22 5.63 61.05 66.68 OK
r-release-macos-x86_64 0.1.22 OK
r-release-windows-ix86+x86_64 0.1.22 21.00 92.00 113.00 OK
r-oldrel-macos-x86_64 0.1.22 OK
r-oldrel-windows-ix86+x86_64 0.1.22 11.00 61.00 72.00 OK

Check Details

Version: 0.1.22
Check: LazyData
Result: NOTE
     'LazyData' is specified without a 'data' directory
Flavors: r-devel-linux-x86_64-debian-clang, r-devel-linux-x86_64-debian-gcc, r-devel-linux-x86_64-fedora-clang, r-devel-linux-x86_64-fedora-gcc, r-devel-windows-ix86+x86_64, r-devel-windows-x86_64-gcc10-UCRT