CRAN Package Check Results for Package ggExtra

Last updated on 2020-07-06 21:50:27 CEST.

Flavor Version Tinstall Tcheck Ttotal Status Flags
r-devel-linux-x86_64-debian-clang 0.9 6.23 47.01 53.24 OK
r-devel-linux-x86_64-debian-gcc 0.9 5.09 36.83 41.92 OK
r-devel-linux-x86_64-fedora-clang 0.9 69.09 NOTE
r-devel-linux-x86_64-fedora-gcc 0.9 61.42 NOTE
r-devel-windows-ix86+x86_64 0.9 23.00 104.00 127.00 OK
r-patched-linux-x86_64 0.9 6.17 45.94 52.11 OK
r-patched-solaris-x86 0.9 93.00 NOTE
r-release-linux-x86_64 0.9 6.05 46.22 52.27 OK
r-release-osx-x86_64 0.9 NOTE
r-release-windows-ix86+x86_64 0.9 12.00 85.00 97.00 OK
r-oldrel-osx-x86_64 0.9 NOTE
r-oldrel-windows-ix86+x86_64 0.9 14.00 93.00 107.00 OK

Check Details

Version: 0.9
Check: dependencies in R code
Result: NOTE
    Namespaces in Imports field not imported from:
     ‘R6’ ‘grDevices’ ‘scales’ ‘utils’
     All declared Imports should be used.
Flavors: r-devel-linux-x86_64-fedora-clang, r-devel-linux-x86_64-fedora-gcc, r-patched-solaris-x86, r-release-osx-x86_64, r-oldrel-osx-x86_64