CRAN Package Check Results for Package gfilogisreg

Last updated on 2021-06-14 08:49:38 CEST.

Flavor Version Tinstall Tcheck Ttotal Status Flags
r-devel-linux-x86_64-debian-clang 1.0.1 48.48 94.01 142.49 NOTE
r-devel-linux-x86_64-debian-gcc 1.0.1 34.01 71.63 105.64 NOTE
r-devel-linux-x86_64-fedora-clang 1.0.1 187.37 NOTE
r-devel-linux-x86_64-fedora-gcc 1.0.1 172.66 NOTE
r-devel-windows-x86_64 1.0.1 63.00 134.00 197.00 NOTE
r-devel-windows-x86_64-gcc10-UCRT 1.0.1 NOTE
r-patched-linux-x86_64 1.0.1 41.92 91.54 133.46 NOTE
r-patched-solaris-x86 1.0.1 211.20 NOTE
r-release-linux-x86_64 1.0.1 31.42 91.09 122.51 NOTE
r-release-macos-arm64 1.0.1 NOTE
r-release-macos-x86_64 1.0.1 NOTE
r-release-windows-ix86+x86_64 1.0.1 108.00 176.00 284.00 NOTE
r-oldrel-macos-x86_64 1.0.1 OK
r-oldrel-windows-ix86+x86_64 1.0.1 107.00 175.00 282.00 OK

Check Details

Version: 1.0.1
Check: LazyData
Result: NOTE
     'LazyData' is specified without a 'data' directory
Flavors: r-devel-linux-x86_64-debian-clang, r-devel-linux-x86_64-debian-gcc, r-devel-linux-x86_64-fedora-clang, r-devel-linux-x86_64-fedora-gcc, r-devel-windows-x86_64, r-devel-windows-x86_64-gcc10-UCRT, r-patched-linux-x86_64, r-patched-solaris-x86, r-release-linux-x86_64, r-release-macos-arm64, r-release-macos-x86_64, r-release-windows-ix86+x86_64