CRAN Package Check Results for Package gfer

Last updated on 2021-06-20 09:49:50 CEST.

Flavor Version Tinstall Tcheck Ttotal Status Flags
r-devel-linux-x86_64-debian-clang 0.1.11 7.64 72.73 80.37 OK
r-devel-linux-x86_64-debian-gcc 0.1.11 6.02 55.02 61.04 OK
r-devel-linux-x86_64-fedora-clang 0.1.11 103.93 NOTE
r-devel-linux-x86_64-fedora-gcc 0.1.11 94.00 NOTE
r-devel-windows-x86_64 0.1.11 15.00 110.00 125.00 OK
r-devel-windows-x86_64-gcc10-UCRT 0.1.11 ERROR
r-patched-linux-x86_64 0.1.11 7.80 68.54 76.34 OK
r-patched-solaris-x86 0.1.11 142.00 NOTE
r-release-linux-x86_64 0.1.11 6.71 69.00 75.71 OK
r-release-macos-arm64 0.1.11 NOTE
r-release-macos-x86_64 0.1.11 NOTE
r-release-windows-ix86+x86_64 0.1.11 22.00 113.00 135.00 OK
r-oldrel-macos-x86_64 0.1.11 NOTE
r-oldrel-windows-ix86+x86_64 0.1.11 16.00 84.00 100.00 OK

Check Details

Version: 0.1.11
Check: dependencies in R code
Result: NOTE
    Namespace in Imports field not imported from: ‘tidyr’
     All declared Imports should be used.
Flavors: r-devel-linux-x86_64-fedora-clang, r-devel-linux-x86_64-fedora-gcc, r-patched-solaris-x86, r-release-macos-arm64, r-release-macos-x86_64, r-oldrel-macos-x86_64

Version: 0.1.11
Check: package dependencies
Result: ERROR
    Packages required but not available:
     'rvest', 'httr', 'V8', 'googlesheets', 'gsheet'
    
    See section 'The DESCRIPTION file' in the 'Writing R Extensions'
    manual.
Flavor: r-devel-windows-x86_64-gcc10-UCRT