CRAN Package Check Results for Package gesisdata

Last updated on 2021-06-16 09:53:23 CEST.

Flavor Version Tinstall Tcheck Ttotal Status Flags
r-devel-linux-x86_64-debian-clang 0.1.0 6.69 62.69 69.38 NOTE
r-devel-linux-x86_64-debian-gcc 0.1.0 4.90 47.16 52.06 NOTE
r-devel-linux-x86_64-fedora-clang 0.1.0 92.36 NOTE
r-devel-linux-x86_64-fedora-gcc 0.1.0 79.66 NOTE
r-devel-windows-x86_64 0.1.0 11.00 79.00 90.00 NOTE
r-devel-windows-x86_64-gcc10-UCRT 0.1.0 NOTE
r-patched-linux-x86_64 0.1.0 6.32 58.56 64.88 NOTE
r-patched-solaris-x86 0.1.0 125.40 NOTE
r-release-linux-x86_64 0.1.0 6.88 58.95 65.83 NOTE
r-release-macos-arm64 0.1.0 NOTE
r-release-macos-x86_64 0.1.0 NOTE
r-release-windows-ix86+x86_64 0.1.0 17.00 79.00 96.00 NOTE
r-oldrel-macos-x86_64 0.1.0 OK
r-oldrel-windows-ix86+x86_64 0.1.0 18.00 82.00 100.00 OK

Check Details

Version: 0.1.0
Check: LazyData
Result: NOTE
     'LazyData' is specified without a 'data' directory
Flavors: r-devel-linux-x86_64-debian-clang, r-devel-linux-x86_64-debian-gcc, r-devel-linux-x86_64-fedora-clang, r-devel-linux-x86_64-fedora-gcc, r-devel-windows-x86_64, r-devel-windows-x86_64-gcc10-UCRT, r-patched-linux-x86_64, r-patched-solaris-x86, r-release-linux-x86_64, r-release-macos-arm64, r-release-macos-x86_64, r-release-windows-ix86+x86_64