CRAN Package Check Results for Package germinationmetrics

Last updated on 2020-02-17 14:47:48 CET.

Flavor Version Tinstall Tcheck Ttotal Status Flags
r-devel-linux-x86_64-debian-clang 0.1.3 8.34 97.40 105.74 OK
r-devel-linux-x86_64-debian-gcc 0.1.3 6.68 81.25 87.93 OK
r-devel-linux-x86_64-fedora-clang 0.1.3 126.92 OK
r-devel-linux-x86_64-fedora-gcc 0.1.3 122.18 OK
r-devel-windows-ix86+x86_64 0.1.3 21.00 116.00 137.00 OK
r-devel-windows-ix86+x86_64-gcc8 0.1.3 32.00 145.00 177.00 OK
r-patched-linux-x86_64 0.1.3 5.92 89.69 95.61 OK
r-patched-solaris-x86 0.1.3 140.20 WARN
r-release-linux-x86_64 0.1.3 6.59 89.71 96.30 OK
r-release-windows-ix86+x86_64 0.1.3 17.00 105.00 122.00 OK
r-release-osx-x86_64 0.1.3 WARN
r-oldrel-windows-ix86+x86_64 0.1.3 8.00 100.00 108.00 OK
r-oldrel-osx-x86_64 0.1.3 WARN

Check Details

Version: 0.1.3
Check: re-building of vignette outputs
Result: WARN
    Error(s) in re-building vignettes:
     ...
    --- re-building ‘Introduction.Rmd’ using rmarkdown_notangle
    Warning in engine$weave(file, quiet = quiet, encoding = enc) :
     Pandoc (>= 1.12.3) and/or pandoc-citeproc not available. Falling back to R Markdown v1.
    Quitting from lines 53-60 (Introduction.Rmd)
    Error: processing vignette 'Introduction.Rmd' failed with diagnostics:
    EXPR must be a length 1 vector
    --- failed re-building ‘Introduction.Rmd’
    
    SUMMARY: processing the following file failed:
     ‘Introduction.Rmd’
    
    Error: Vignette re-building failed.
    Execution halted
Flavors: r-patched-solaris-x86, r-release-osx-x86_64

Version: 0.1.3
Check: re-building of vignette outputs
Result: WARN
    Error in re-building vignettes:
     ...
    Warning in engine$weave(file, quiet = quiet, encoding = enc) :
     Pandoc (>= 1.12.3) and/or pandoc-citeproc not available. Falling back to R Markdown v1.
    Quitting from lines 53-60 (Introduction.Rmd)
    Error: processing vignette 'Introduction.Rmd' failed with diagnostics:
    EXPR must be a length 1 vector
    Execution halted
Flavor: r-oldrel-osx-x86_64