CRAN Package Check Results for Package germinationmetrics

Last updated on 2020-07-06 21:50:27 CEST.

Flavor Version Tinstall Tcheck Ttotal Status Flags
r-devel-linux-x86_64-debian-clang 0.1.4 8.22 83.45 91.67 OK
r-devel-linux-x86_64-debian-gcc 0.1.4 7.24 63.45 70.69 OK
r-devel-linux-x86_64-fedora-clang 0.1.4 115.28 OK
r-devel-linux-x86_64-fedora-gcc 0.1.4 107.62 OK
r-devel-windows-ix86+x86_64 0.1.4 27.00 152.00 179.00 OK
r-patched-linux-x86_64 0.1.4 8.68 82.05 90.73 OK
r-patched-solaris-x86 0.1.4 138.30 WARN
r-release-linux-x86_64 0.1.4 7.12 82.72 89.84 OK
r-release-osx-x86_64 0.1.4 OK
r-release-windows-ix86+x86_64 0.1.4 21.00 121.00 142.00 OK
r-oldrel-osx-x86_64 0.1.4 WARN
r-oldrel-windows-ix86+x86_64 0.1.4 26.00 155.00 181.00 OK

Check Details

Version: 0.1.4
Check: re-building of vignette outputs
Result: WARN
    Error(s) in re-building vignettes:
     ...
    --- re-building ‘Introduction.Rmd’ using rmarkdown_notangle
    Warning in engine$weave(file, quiet = quiet, encoding = enc) :
     Pandoc (>= 1.12.3) and/or pandoc-citeproc not available. Falling back to R Markdown v1.
    Quitting from lines 53-60 (Introduction.Rmd)
    Error: processing vignette 'Introduction.Rmd' failed with diagnostics:
    EXPR must be a length 1 vector
    --- failed re-building ‘Introduction.Rmd’
    
    SUMMARY: processing the following file failed:
     ‘Introduction.Rmd’
    
    Error: Vignette re-building failed.
    Execution halted
Flavors: r-patched-solaris-x86, r-oldrel-osx-x86_64