CRAN Package Check Results for Package geostatsp

Last updated on 2020-05-29 17:49:05 CEST.

Flavor Version Tinstall Tcheck Ttotal Status Flags
r-devel-linux-x86_64-debian-clang 1.8.1 28.77 421.66 450.43 WARN
r-devel-linux-x86_64-debian-gcc 1.8.1 23.32 316.46 339.78 WARN
r-devel-linux-x86_64-fedora-clang 1.8.1 578.00 NOTE
r-devel-linux-x86_64-fedora-gcc 1.8.1 827.02 OK
r-devel-windows-ix86+x86_64 1.8.1 62.00 703.00 765.00 NOTE
r-patched-linux-x86_64 1.8.1 25.45 422.68 448.13 NOTE
r-patched-solaris-x86 1.8.1 848.50 NOTE
r-release-linux-x86_64 1.8.1 26.66 423.86 450.52 NOTE
r-release-osx-x86_64 1.8.1 NOTE
r-release-windows-ix86+x86_64 1.8.1 44.00 681.00 725.00 NOTE
r-oldrel-osx-x86_64 1.8.1 NOTE
r-oldrel-windows-ix86+x86_64 1.8.1 63.00 567.00 630.00 NOTE

Check Details

Version: 1.8.1
Check: package dependencies
Result: NOTE
    Package which this enhances but not available for checking: 'INLA'
Flavors: r-devel-linux-x86_64-debian-clang, r-devel-linux-x86_64-debian-gcc, r-patched-linux-x86_64, r-patched-solaris-x86, r-release-linux-x86_64, r-release-osx-x86_64, r-oldrel-osx-x86_64

Version: 1.8.1
Check: re-building of vignette outputs
Result: WARN
    Error(s) in re-building vignettes:
     ...
    --- re-building 'glgm.Rnw' using knitr
    Failed with error: 'there is no package called 'INLA''
    Quitting from lines 47-59 (glgm.Rnw)
    Error: processing vignette 'glgm.Rnw' failed with diagnostics:
    different CRS
    --- failed re-building 'glgm.Rnw'
    
    --- re-building 'lgcp.Rnw' using knitr
    Failed with error: 'there is no package called 'INLA''
    Failed with error: 'there is no package called 'rgeos''
    Failed with error: 'there is no package called 'rgeos''
    Failed with error: 'there is no package called 'INLA''
    Failed with error: 'there is no package called 'rgeos''
    Failed with error: 'there is no package called 'INLA''
    Failed with error: 'there is no package called 'rgeos''
    Failed with error: 'there is no package called 'INLA''
    --- finished re-building 'lgcp.Rnw'
    
    SUMMARY: processing the following file failed:
     'glgm.Rnw'
    
    Error: Vignette re-building failed.
    Execution halted
Flavors: r-devel-linux-x86_64-debian-clang, r-devel-linux-x86_64-debian-gcc

Version: 1.8.1
Check: installed package size
Result: NOTE
     installed size is 5.4Mb
     sub-directories of 1Mb or more:
     data 3.8Mb
Flavors: r-devel-linux-x86_64-fedora-clang, r-devel-windows-ix86+x86_64, r-patched-solaris-x86, r-release-osx-x86_64, r-release-windows-ix86+x86_64, r-oldrel-osx-x86_64, r-oldrel-windows-ix86+x86_64

Version: 1.8.1
Check: dependencies in R code
Result: NOTE
    No protocol specified
    No protocol specified
Flavor: r-oldrel-osx-x86_64