CRAN Package Check Results for Package geospt

Last updated on 2021-04-15 09:50:00 CEST.

Flavor Version Tinstall Tcheck Ttotal Status Flags
r-devel-linux-x86_64-debian-clang 1.0-2 8.32 103.75 112.07 OK
r-devel-linux-x86_64-debian-gcc 1.0-2 7.16 76.38 83.54 OK
r-devel-linux-x86_64-fedora-clang 1.0-2 142.49 NOTE
r-devel-linux-x86_64-fedora-gcc 1.0-2 128.28 OK
r-devel-windows-ix86+x86_64 1.0-2 19.00 126.00 145.00 OK
r-devel-windows-x86_64-gcc10-UCRT 1.0-2 OK
r-patched-linux-x86_64 1.0-2 9.74 94.29 104.03 OK
r-patched-solaris-x86 1.0-2 185.00 OK
r-release-linux-x86_64 1.0-2 9.05 95.30 104.35 OK
r-release-macos-x86_64 1.0-2 OK
r-release-windows-ix86+x86_64 1.0-2 22.00 130.00 152.00 OK
r-oldrel-macos-x86_64 1.0-2 OK
r-oldrel-windows-ix86+x86_64 1.0-2 18.00 88.00 106.00 OK

Check Details

Version: 1.0-2
Check: Rd cross-references
Result: NOTE
    Undeclared package ‘nloptr’ in Rd xrefs
Flavor: r-devel-linux-x86_64-fedora-clang