CRAN Package Check Results for Package geometa

Last updated on 2021-04-15 09:50:00 CEST.

Flavor Version Tinstall Tcheck Ttotal Status Flags
r-devel-linux-x86_64-debian-clang 0.6-3 208.06 246.95 455.01 OK
r-devel-linux-x86_64-debian-gcc 0.6-3 179.78 183.32 363.10 OK
r-devel-linux-x86_64-fedora-clang 0.6-3 610.35 NOTE
r-devel-linux-x86_64-fedora-gcc 0.6-3 598.99 OK
r-devel-windows-ix86+x86_64 0.6-3 417.00 654.00 1071.00 NOTE
r-devel-windows-x86_64-gcc10-UCRT 0.6-3 OK
r-patched-linux-x86_64 0.6-3 199.35 231.48 430.83 OK
r-patched-solaris-x86 0.6-3 700.90 NOTE
r-release-linux-x86_64 0.6-3 199.61 230.41 430.02 OK
r-release-macos-x86_64 0.6-3 NOTE
r-release-windows-ix86+x86_64 0.6-3 374.00 675.00 1049.00 NOTE
r-oldrel-macos-x86_64 0.6-3 NOTE
r-oldrel-windows-ix86+x86_64 0.6-3 393.00 556.00 949.00 NOTE

Check Details

Version: 0.6-3
Check: installed package size
Result: NOTE
     installed size is 11.7Mb
     sub-directories of 1Mb or more:
     R 9.0Mb
     extdata 1.7Mb
Flavors: r-devel-linux-x86_64-fedora-clang, r-devel-windows-ix86+x86_64, r-patched-solaris-x86, r-release-macos-x86_64, r-release-windows-ix86+x86_64, r-oldrel-macos-x86_64, r-oldrel-windows-ix86+x86_64