CRAN Package Check Results for Package geofacet

Last updated on 2021-06-24 09:52:30 CEST.

Flavor Version Tinstall Tcheck Ttotal Status Flags
r-devel-linux-x86_64-debian-clang 0.2.0 9.40 278.74 288.14 OK
r-devel-linux-x86_64-debian-gcc 0.2.0 6.96 199.20 206.16 OK
r-devel-linux-x86_64-fedora-clang 0.2.0 330.53 NOTE
r-devel-linux-x86_64-fedora-gcc 0.2.0 325.11 NOTE
r-devel-windows-x86_64 0.2.0 15.00 217.00 232.00 OK
r-devel-windows-x86_64-gcc10-UCRT 0.2.0 ERROR
r-patched-linux-x86_64 0.2.0 11.20 258.37 269.57 OK
r-patched-solaris-x86 0.2.0 402.00 NOTE
r-release-linux-x86_64 0.2.0 10.58 261.60 272.18 OK
r-release-macos-arm64 0.2.0 NOTE
r-release-macos-x86_64 0.2.0 NOTE
r-release-windows-ix86+x86_64 0.2.0 18.00 212.00 230.00 OK
r-oldrel-macos-x86_64 0.2.0 NOTE

Check Details

Version: 0.2.0
Check: dependencies in R code
Result: NOTE
    Namespace in Imports field not imported from: ‘sf’
     All declared Imports should be used.
Flavors: r-devel-linux-x86_64-fedora-clang, r-devel-linux-x86_64-fedora-gcc, r-patched-solaris-x86, r-release-macos-arm64, r-release-macos-x86_64, r-oldrel-macos-x86_64

Version: 0.2.0
Check: data for non-ASCII characters
Result: NOTE
     Note: found 646 marked UTF-8 strings
Flavors: r-devel-linux-x86_64-fedora-clang, r-devel-linux-x86_64-fedora-gcc, r-patched-solaris-x86, r-release-macos-arm64, r-release-macos-x86_64, r-oldrel-macos-x86_64

Version: 0.2.0
Check: package dependencies
Result: ERROR
    Package required but not available: 'imguR'
    
    Packages suggested but not available for checking: 'covr', 'lintr'
    
    See section 'The DESCRIPTION file' in the 'Writing R Extensions'
    manual.
Flavor: r-devel-windows-x86_64-gcc10-UCRT