CRAN Package Check Results for Package geodiv

Last updated on 2020-05-29 17:49:05 CEST.

Flavor Version Tinstall Tcheck Ttotal Status Flags
r-devel-linux-x86_64-debian-clang 0.1.1 38.85 160.36 199.21 OK
r-devel-linux-x86_64-debian-gcc 0.1.1 28.48 121.49 149.97 OK
r-devel-linux-x86_64-fedora-clang 0.1.1 243.67 NOTE
r-devel-linux-x86_64-fedora-gcc 0.1.1 234.37 NOTE
r-devel-windows-ix86+x86_64 0.1.1 97.00 351.00 448.00 OK
r-patched-linux-x86_64 0.1.1 33.14 156.17 189.31 OK
r-patched-solaris-x86 0.1.1 317.50 NOTE
r-release-linux-x86_64 0.1.1 32.12 157.51 189.63 OK
r-release-osx-x86_64 0.1.1 NOTE
r-release-windows-ix86+x86_64 0.1.1 80.00 343.00 423.00 OK
r-oldrel-osx-x86_64 0.1.1 NOTE
r-oldrel-windows-ix86+x86_64 0.1.1 72.00 243.00 315.00 OK

Check Details

Version: 0.1.1
Check: dependencies in R code
Result: NOTE
    Namespaces in Imports field not imported from:
     ‘phonTools’ ‘rgdal’ ‘rgeos’
     All declared Imports should be used.
Flavors: r-devel-linux-x86_64-fedora-clang, r-devel-linux-x86_64-fedora-gcc, r-patched-solaris-x86, r-release-osx-x86_64, r-oldrel-osx-x86_64