CRAN Package Check Results for Package geodist

Last updated on 2021-06-20 09:49:50 CEST.

Flavor Version Tinstall Tcheck Ttotal Status Flags
r-devel-linux-x86_64-debian-clang 0.0.7 6.23 26.93 33.16 NOTE
r-devel-linux-x86_64-debian-gcc 0.0.7 4.60 21.36 25.96 NOTE
r-devel-linux-x86_64-fedora-clang 0.0.7 49.61 NOTE
r-devel-linux-x86_64-fedora-gcc 0.0.7 39.70 NOTE
r-devel-windows-x86_64 0.0.7 13.00 35.00 48.00 NOTE
r-devel-windows-x86_64-gcc10-UCRT 0.0.7 NOTE
r-patched-linux-x86_64 0.0.7 5.64 26.56 32.20 NOTE
r-patched-solaris-x86 0.0.7 60.00 NOTE
r-release-linux-x86_64 0.0.7 5.73 26.68 32.41 NOTE
r-release-macos-arm64 0.0.7 NOTE
r-release-macos-x86_64 0.0.7 NOTE
r-release-windows-ix86+x86_64 0.0.7 23.00 52.00 75.00 NOTE
r-oldrel-macos-x86_64 0.0.7 OK
r-oldrel-windows-ix86+x86_64 0.0.7 21.00 54.00 75.00 OK

Check Details

Version: 0.0.7
Check: LazyData
Result: NOTE
     'LazyData' is specified without a 'data' directory
Flavors: r-devel-linux-x86_64-debian-clang, r-devel-linux-x86_64-debian-gcc, r-devel-linux-x86_64-fedora-clang, r-devel-linux-x86_64-fedora-gcc, r-devel-windows-x86_64, r-devel-windows-x86_64-gcc10-UCRT, r-patched-linux-x86_64, r-patched-solaris-x86, r-release-linux-x86_64, r-release-macos-arm64, r-release-macos-x86_64, r-release-windows-ix86+x86_64