CRAN Package Check Results for Package genogeographer

Last updated on 2021-06-24 09:52:29 CEST.

Flavor Version Tinstall Tcheck Ttotal Status Flags
r-devel-linux-x86_64-debian-clang 0.1.19 11.70 83.81 95.51 OK
r-devel-linux-x86_64-debian-gcc 0.1.19 8.19 61.68 69.87 OK
r-devel-linux-x86_64-fedora-clang 0.1.19 126.73 OK
r-devel-linux-x86_64-fedora-gcc 0.1.19 106.53 OK
r-devel-windows-x86_64 0.1.19 16.00 78.00 94.00 OK
r-devel-windows-x86_64-gcc10-UCRT 0.1.19 ERROR
r-patched-linux-x86_64 0.1.19 10.99 78.17 89.16 OK
r-patched-solaris-x86 0.1.19 169.30 OK
r-release-linux-x86_64 0.1.19 10.45 77.33 87.78 OK
r-release-macos-arm64 0.1.19 OK
r-release-macos-x86_64 0.1.19 OK
r-release-windows-ix86+x86_64 0.1.19 16.00 76.00 92.00 OK
r-oldrel-macos-x86_64 0.1.19 OK

Check Details

Version: 0.1.19
Check: package dependencies
Result: ERROR
    Package required but not available: 'rio'
    
    Package suggested but not available for checking: 'tidyverse'
    
    See section 'The DESCRIPTION file' in the 'Writing R Extensions'
    manual.
Flavor: r-devel-windows-x86_64-gcc10-UCRT