CRAN Package Check Results for Package genalg

Last updated on 2021-06-16 09:53:23 CEST.

Flavor Version Tinstall Tcheck Ttotal Status Flags
r-devel-linux-x86_64-debian-clang 0.2.0 1.94 31.43 33.37 NOTE
r-devel-linux-x86_64-debian-gcc 0.2.0 1.53 23.98 25.51 NOTE
r-devel-linux-x86_64-fedora-clang 0.2.0 49.34 NOTE
r-devel-linux-x86_64-fedora-gcc 0.2.0 39.06 NOTE
r-devel-windows-x86_64 0.2.0 4.00 45.00 49.00 NOTE
r-devel-windows-x86_64-gcc10-UCRT 0.2.0 NOTE
r-patched-linux-x86_64 0.2.0 2.22 30.56 32.78 NOTE
r-patched-solaris-x86 0.2.0 58.50 NOTE
r-release-linux-x86_64 0.2.0 2.20 30.32 32.52 NOTE
r-release-macos-arm64 0.2.0 NOTE
r-release-macos-x86_64 0.2.0 NOTE
r-release-windows-ix86+x86_64 0.2.0 4.00 35.00 39.00 NOTE
r-oldrel-macos-x86_64 0.2.0 NOTE
r-oldrel-windows-ix86+x86_64 0.2.0 4.00 32.00 36.00 NOTE

Check Details

Version: 0.2.0
Check: R code for possible problems
Result: NOTE
    plot.rbga: no visible global function definition for 'par'
    plot.rbga: no visible global function definition for 'hist'
    plot.rbga: no visible global function definition for 'lines'
    rbga: no visible global function definition for 'runif'
    rbga: no visible global function definition for 'dnorm'
    rbga.bin: no visible global function definition for 'dnorm'
    rbga.bin: no visible global function definition for 'runif'
    Undefined global functions or variables:
     dnorm hist lines par runif
    Consider adding
     importFrom("graphics", "hist", "lines", "par")
     importFrom("stats", "dnorm", "runif")
    to your NAMESPACE file.
Flavors: r-devel-linux-x86_64-debian-clang, r-devel-linux-x86_64-debian-gcc, r-devel-linux-x86_64-fedora-clang, r-devel-linux-x86_64-fedora-gcc, r-devel-windows-x86_64, r-devel-windows-x86_64-gcc10-UCRT, r-patched-linux-x86_64, r-patched-solaris-x86, r-release-linux-x86_64, r-release-macos-arm64, r-release-macos-x86_64, r-release-windows-ix86+x86_64, r-oldrel-macos-x86_64, r-oldrel-windows-ix86+x86_64