CRAN Package Check Results for Package gen5helper

Last updated on 2020-03-30 20:48:28 CEST.

Flavor Version Tinstall Tcheck Ttotal Status Flags
r-devel-linux-x86_64-debian-clang 1.0.1 4.22 34.67 38.89 OK
r-devel-linux-x86_64-debian-gcc 1.0.1 3.72 27.46 31.18 OK
r-devel-linux-x86_64-fedora-clang 1.0.1 46.40 NOTE
r-devel-linux-x86_64-fedora-gcc 1.0.1 46.58 NOTE
r-devel-windows-ix86+x86_64 1.0.1 14.00 43.00 57.00 OK
r-devel-windows-ix86+x86_64-gcc8 1.0.1 11.00 46.00 57.00 OK
r-patched-linux-x86_64 1.0.1 4.49 32.99 37.48 OK
r-patched-solaris-x86 1.0.1 71.20 NOTE
r-release-linux-x86_64 1.0.1 2.77 31.15 33.92 OK
r-release-windows-ix86+x86_64 1.0.1 18.00 72.00 90.00 OK
r-release-osx-x86_64 1.0.1 NOTE
r-oldrel-windows-ix86+x86_64 1.0.1 10.00 71.00 81.00 OK
r-oldrel-osx-x86_64 1.0.1 NOTE

Check Details

Version: 1.0.1
Check: dependencies in R code
Result: NOTE
    Namespaces in Imports field not imported from:
     ‘ggplot2’ ‘pracma’ ‘rlang’
     All declared Imports should be used.
Flavors: r-devel-linux-x86_64-fedora-clang, r-devel-linux-x86_64-fedora-gcc, r-patched-solaris-x86, r-release-osx-x86_64, r-oldrel-osx-x86_64