CRAN Package Check Results for Package gdm

Last updated on 2020-03-30 20:48:28 CEST.

Flavor Version Tinstall Tcheck Ttotal Status Flags
r-devel-linux-x86_64-debian-clang 1.4 25.95 153.72 179.67 WARN
r-devel-linux-x86_64-debian-gcc 1.4 19.36 117.29 136.65 WARN
r-devel-linux-x86_64-fedora-clang 1.4 218.69 OK
r-devel-linux-x86_64-fedora-gcc 1.4 219.03 OK
r-devel-windows-ix86+x86_64 1.4 54.00 202.00 256.00 NOTE
r-devel-windows-ix86+x86_64-gcc8 1.4 62.00 215.00 277.00 NOTE
r-patched-linux-x86_64 1.4 21.97 148.82 170.79 WARN
r-patched-solaris-x86 1.4 295.80 OK
r-release-linux-x86_64 1.4 21.00 134.04 155.04 WARN
r-release-windows-ix86+x86_64 1.4 88.00 279.00 367.00 NOTE
r-release-osx-x86_64 1.4 OK
r-oldrel-windows-ix86+x86_64 1.4 76.00 276.00 352.00 NOTE
r-oldrel-osx-x86_64 1.4 OK

Check Details

Version: 1.4
Check: sizes of PDF files under ‘inst/doc’
Result: WARN
     'gs+qpdf' made some significant size reductions:
     compacted 'gdmVignette.pdf' from 1135Kb to 847Kb
     consider running tools::compactPDF(gs_quality = "ebook") on these files
Flavors: r-devel-linux-x86_64-debian-clang, r-devel-linux-x86_64-debian-gcc, r-patched-linux-x86_64, r-release-linux-x86_64

Version: 1.4
Check: installed package size
Result: NOTE
     installed size is 5.9Mb
     sub-directories of 1Mb or more:
     doc 1.1Mb
     extdata 3.0Mb
     libs 1.4Mb
Flavors: r-devel-windows-ix86+x86_64, r-devel-windows-ix86+x86_64-gcc8, r-release-windows-ix86+x86_64, r-oldrel-windows-ix86+x86_64