CRAN Package Check Results for Package gdalUtilities

Last updated on 2020-02-24 20:47:19 CET.

Flavor Version Tinstall Tcheck Ttotal Status Flags
r-devel-linux-x86_64-debian-clang 1.0.0 8.90 79.88 88.78 OK
r-devel-linux-x86_64-debian-gcc 1.0.0 8.62 61.38 70.00 OK
r-devel-linux-x86_64-fedora-clang 1.0.0 110.94 WARN
r-devel-linux-x86_64-fedora-gcc 1.0.0 109.46 WARN
r-devel-windows-ix86+x86_64 1.0.0 19.00 83.00 102.00 OK
r-devel-windows-ix86+x86_64-gcc8 1.0.0 26.00 120.00 146.00 OK
r-patched-linux-x86_64 1.0.0 7.95 69.38 77.33 OK
r-patched-solaris-x86 1.0.0 146.30 OK
r-release-linux-x86_64 1.0.0 7.92 69.37 77.29 OK
r-release-windows-ix86+x86_64 1.0.0 17.00 75.00 92.00 OK
r-release-osx-x86_64 1.0.0 OK
r-oldrel-windows-ix86+x86_64 1.0.0 11.00 80.00 91.00 OK
r-oldrel-osx-x86_64 1.0.0 OK

Check Details

Version: 1.0.0
Check: whether package can be installed
Result: WARN
    Found the following significant warnings:
     Warning: namespace ‘rgdal’ is not available and has been replaced
Flavors: r-devel-linux-x86_64-fedora-clang, r-devel-linux-x86_64-fedora-gcc