CRAN Package Check Results for Package gausscov

Last updated on 2020-02-24 20:47:19 CET.

Flavor Version Tinstall Tcheck Ttotal Status Flags
r-devel-linux-x86_64-debian-clang 0.0.3 4.98 31.61 36.59 OK
r-devel-linux-x86_64-debian-gcc 0.0.3 4.01 24.86 28.87 OK
r-devel-linux-x86_64-fedora-clang 0.0.3 45.54 NOTE
r-devel-linux-x86_64-fedora-gcc 0.0.3 44.52 NOTE
r-devel-windows-ix86+x86_64 0.0.3 12.00 54.00 66.00 NOTE
r-devel-windows-ix86+x86_64-gcc8 0.0.3 19.00 78.00 97.00 NOTE
r-patched-linux-x86_64 0.0.3 4.53 28.41 32.94 OK
r-patched-solaris-x86 0.0.3 66.20 NOTE
r-release-linux-x86_64 0.0.3 4.59 28.76 33.35 OK
r-release-windows-ix86+x86_64 0.0.3 11.00 52.00 63.00 NOTE
r-release-osx-x86_64 0.0.3 NOTE
r-oldrel-windows-ix86+x86_64 0.0.3 15.00 68.00 83.00 NOTE
r-oldrel-osx-x86_64 0.0.3 NOTE

Check Details

Version: 0.0.3
Check: installed package size
Result: NOTE
     installed size is 5.4Mb
     sub-directories of 1Mb or more:
     data 5.2Mb
Flavors: r-devel-linux-x86_64-fedora-clang, r-devel-windows-ix86+x86_64, r-devel-windows-ix86+x86_64-gcc8, r-patched-solaris-x86, r-release-windows-ix86+x86_64, r-release-osx-x86_64, r-oldrel-windows-ix86+x86_64, r-oldrel-osx-x86_64

Version: 0.0.3
Check: compiled code
Result: NOTE
    File ‘gausscov/libs/gausscov.so’:
     Found no calls to: ‘R_registerRoutines’, ‘R_useDynamicSymbols’
    
    It is good practice to register native routines and to disable symbol
    search.
    
    See ‘Writing portable packages’ in the ‘Writing R Extensions’ manual.
Flavors: r-devel-linux-x86_64-fedora-clang, r-devel-linux-x86_64-fedora-gcc