CRAN Package Check Results for Package gausscov

Last updated on 2021-01-07 16:47:47 CET.

Flavor Version Tinstall Tcheck Ttotal Status Flags
r-devel-linux-x86_64-debian-clang 0.0.10 OK
r-devel-linux-x86_64-debian-gcc 0.0.10 4.32 24.38 28.70 OK
r-devel-linux-x86_64-fedora-clang 0.0.10 56.27 NOTE
r-devel-linux-x86_64-fedora-gcc 0.0.10 45.04 NOTE
r-devel-windows-ix86+x86_64 0.0.10 12.00 56.00 68.00 OK
r-patched-linux-x86_64 0.0.10 5.33 29.95 35.28 OK
r-patched-solaris-x86 0.0.10 64.00 OK
r-release-linux-x86_64 0.0.10 5.18 30.50 35.68 OK
r-release-macos-x86_64 0.0.10 OK
r-release-windows-ix86+x86_64 0.0.10 13.00 59.00 72.00 OK
r-oldrel-macos-x86_64 0.0.10 OK
r-oldrel-windows-ix86+x86_64 0.0.10 12.00 57.00 69.00 OK

Check Details

Version: 0.0.10
Check: compiled code
Result: NOTE
    File ‘gausscov/libs/gausscov.so’:
     Found no calls to: ‘R_registerRoutines’, ‘R_useDynamicSymbols’
    
    It is good practice to register native routines and to disable symbol
    search.
    
    See ‘Writing portable packages’ in the ‘Writing R Extensions’ manual.
Flavors: r-devel-linux-x86_64-fedora-clang, r-devel-linux-x86_64-fedora-gcc