CRAN Package Check Results for Package gamm4.test

Last updated on 2021-06-22 09:51:36 CEST.

Flavor Version Tinstall Tcheck Ttotal Status Flags
r-devel-linux-x86_64-debian-clang 0.1.0 13.39 135.42 148.81 NOTE
r-devel-linux-x86_64-debian-gcc 0.1.0 11.09 99.70 110.79 NOTE
r-devel-linux-x86_64-fedora-clang 0.1.0 184.43 OK
r-devel-linux-x86_64-fedora-gcc 0.1.0 172.46 OK
r-devel-windows-x86_64 0.1.0 21.00 115.00 136.00 NOTE
r-devel-windows-x86_64-gcc10-UCRT 0.1.0 ERROR
r-patched-linux-x86_64 0.1.0 14.45 126.67 141.12 NOTE
r-patched-solaris-x86 0.1.0 244.60 OK
r-release-linux-x86_64 0.1.0 13.67 127.75 141.42 NOTE
r-release-macos-arm64 0.1.0 OK
r-release-macos-x86_64 0.1.0 OK
r-release-windows-ix86+x86_64 0.1.0 33.00 162.00 195.00 NOTE
r-oldrel-macos-x86_64 0.1.0 OK

Check Details

Version: 0.1.0
Check: package vignettes
Result: NOTE
    Package vignette with placeholder title 'Vignette Title':
     'Introduction.Rmd'
Flavors: r-devel-linux-x86_64-debian-clang, r-devel-linux-x86_64-debian-gcc, r-devel-windows-x86_64, r-patched-linux-x86_64, r-release-linux-x86_64, r-release-windows-ix86+x86_64

Version: 0.1.0
Check: package dependencies
Result: ERROR
    Package required but not available: 'plotly'
    
    See section 'The DESCRIPTION file' in the 'Writing R Extensions'
    manual.
Flavor: r-devel-windows-x86_64-gcc10-UCRT