CRAN Package Check Results for Package gamlssbssn

Last updated on 2021-04-15 09:49:59 CEST.

Flavor Version Tinstall Tcheck Ttotal Status Flags
r-devel-linux-x86_64-debian-clang 0.1.0 2.65 26.20 28.85 NOTE
r-devel-linux-x86_64-debian-gcc 0.1.0 2.12 20.53 22.65 NOTE
r-devel-linux-x86_64-fedora-clang 0.1.0 43.97 NOTE
r-devel-linux-x86_64-fedora-gcc 0.1.0 33.44 NOTE
r-devel-windows-ix86+x86_64 0.1.0 6.00 40.00 46.00 NOTE
r-devel-windows-x86_64-gcc10-UCRT 0.1.0 NOTE
r-patched-linux-x86_64 0.1.0 2.63 24.80 27.43 OK
r-patched-solaris-x86 0.1.0 51.70 NOTE
r-release-linux-x86_64 0.1.0 2.53 24.83 27.36 OK
r-release-macos-x86_64 0.1.0 NOTE
r-release-windows-ix86+x86_64 0.1.0 5.00 43.00 48.00 OK
r-oldrel-macos-x86_64 0.1.0 NOTE
r-oldrel-windows-ix86+x86_64 0.1.0 4.00 29.00 33.00 OK

Check Details

Version: 0.1.0
Check: LazyData
Result: NOTE
     'LazyData' is specified without a 'data' directory
Flavors: r-devel-linux-x86_64-debian-clang, r-devel-linux-x86_64-debian-gcc, r-devel-linux-x86_64-fedora-clang, r-devel-linux-x86_64-fedora-gcc, r-devel-windows-ix86+x86_64, r-devel-windows-x86_64-gcc10-UCRT

Version: 0.1.0
Check: dependencies in R code
Result: NOTE
    Namespaces in Imports field not imported from:
     ‘MASS’ ‘gamlss’
     All declared Imports should be used.
Flavors: r-devel-linux-x86_64-fedora-clang, r-devel-linux-x86_64-fedora-gcc, r-devel-windows-x86_64-gcc10-UCRT, r-patched-solaris-x86, r-release-macos-x86_64, r-oldrel-macos-x86_64