CRAN Package Check Results for Package gamesGA

Last updated on 2020-02-28 22:53:33 CET.

Flavor Version Tinstall Tcheck Ttotal Status Flags
r-devel-linux-x86_64-debian-clang 1.1.3.6 4.18 35.55 39.73 ERROR
r-devel-linux-x86_64-debian-gcc 1.1.3.6 3.19 29.34 32.53 ERROR
r-devel-linux-x86_64-fedora-clang 1.1.3.6 50.83 ERROR
r-devel-linux-x86_64-fedora-gcc 1.1.3.6 49.52 ERROR
r-devel-windows-ix86+x86_64 1.1.3.6 18.00 71.00 89.00 OK
r-devel-windows-ix86+x86_64-gcc8 1.1.3.6 14.00 71.00 85.00 OK
r-patched-linux-x86_64 1.1.3.6 3.06 34.12 37.18 OK
r-patched-solaris-x86 1.1.3.6 74.40 NOTE
r-release-linux-x86_64 1.1.3.6 3.51 33.85 37.36 OK
r-release-windows-ix86+x86_64 1.1.3.6 12.00 106.00 118.00 OK
r-release-osx-x86_64 1.1.3.6 NOTE
r-oldrel-windows-ix86+x86_64 1.1.3.6 7.00 67.00 74.00 OK
r-oldrel-osx-x86_64 1.1.3.6 NOTE

Check Details

Version: 1.1.3.6
Check: examples
Result: ERROR
    Running examples in 'gamesGA-Ex.R' failed
    The error most likely occurred in:
    
    > base::assign(".ptime", proc.time(), pos = "CheckExEnv")
    > ### Name: games_ga
    > ### Title: Games genetic algorithm:
    > ### Aliases: games_ga
    >
    > ### ** Examples
    >
    > games_ga(CC = 3, CD = 0, DC = 5, DD = 1, generations = 100, rounds = 100)
    Error in strsplit(x = genomes[i], split = " ") : non-character argument
    Calls: games_ga -> strsplit
    Execution halted
Flavors: r-devel-linux-x86_64-debian-clang, r-devel-linux-x86_64-debian-gcc

Version: 1.1.3.6
Check: tests
Result: ERROR
     Running 'testthat.R' [2s/3s]
    Running the tests in 'tests/testthat.R' failed.
    Complete output:
     > library(testthat)
     > library(gamesGA)
     >
     > test_check("gamesGA")
     -- 1. Error: Correct column in gamesGA return (@test-gamesGA.R#5) -------------
     non-character argument
     Backtrace:
     1. testthat::expect_equal(...)
     4. gamesGA::games_ga(...)
     5. base::strsplit(x = genomes[i], split = " ")
    
     -- 2. Error: Fitness vector length and type accurate (@test-gamesGA.R#17) -----
     non-character argument
     Backtrace:
     1. testthat::expect_equal(...)
     4. gamesGA::games_ga(...)
     5. base::strsplit(x = genomes[i], split = " ")
    
     == testthat results ===========================================================
     [ OK: 18 | SKIPPED: 0 | WARNINGS: 0 | FAILED: 2 ]
     1. Error: Correct column in gamesGA return (@test-gamesGA.R#5)
     2. Error: Fitness vector length and type accurate (@test-gamesGA.R#17)
    
     Error: testthat unit tests failed
     Execution halted
Flavor: r-devel-linux-x86_64-debian-clang

Version: 1.1.3.6
Check: tests
Result: ERROR
     Running ‘testthat.R’ [2s/3s]
    Running the tests in ‘tests/testthat.R’ failed.
    Complete output:
     > library(testthat)
     > library(gamesGA)
     >
     > test_check("gamesGA")
     ── 1. Error: Correct column in gamesGA return (@test-gamesGA.R#5) ─────────────
     non-character argument
     Backtrace:
     1. testthat::expect_equal(...)
     4. gamesGA::games_ga(...)
     5. base::strsplit(x = genomes[i], split = " ")
    
     ── 2. Error: Fitness vector length and type accurate (@test-gamesGA.R#17) ─────
     non-character argument
     Backtrace:
     1. testthat::expect_equal(...)
     4. gamesGA::games_ga(...)
     5. base::strsplit(x = genomes[i], split = " ")
    
     ══ testthat results ═══════════════════════════════════════════════════════════
     [ OK: 18 | SKIPPED: 0 | WARNINGS: 0 | FAILED: 2 ]
     1. Error: Correct column in gamesGA return (@test-gamesGA.R#5)
     2. Error: Fitness vector length and type accurate (@test-gamesGA.R#17)
    
     Error: testthat unit tests failed
     Execution halted
Flavor: r-devel-linux-x86_64-debian-gcc

Version: 1.1.3.6
Check: dependencies in R code
Result: NOTE
    Namespace in Imports field not imported from: ‘grDevices’
     All declared Imports should be used.
Flavors: r-devel-linux-x86_64-fedora-clang, r-devel-linux-x86_64-fedora-gcc, r-patched-solaris-x86, r-release-osx-x86_64, r-oldrel-osx-x86_64

Version: 1.1.3.6
Check: examples
Result: ERROR
    Running examples in ‘gamesGA-Ex.R’ failed
    The error most likely occurred in:
    
    > ### Name: games_ga
    > ### Title: Games genetic algorithm:
    > ### Aliases: games_ga
    >
    > ### ** Examples
    >
    > games_ga(CC = 3, CD = 0, DC = 5, DD = 1, generations = 100, rounds = 100)
    Error in strsplit(x = genomes[i], split = " ") : non-character argument
    Calls: games_ga -> strsplit
    Execution halted
Flavors: r-devel-linux-x86_64-fedora-clang, r-devel-linux-x86_64-fedora-gcc

Version: 1.1.3.6
Check: tests
Result: ERROR
     Running ‘testthat.R’
    Running the tests in ‘tests/testthat.R’ failed.
    Complete output:
     > library(testthat)
     > library(gamesGA)
     >
     > test_check("gamesGA")
     ── 1. Error: Correct column in gamesGA return (@test-gamesGA.R#5) ─────────────
     non-character argument
     Backtrace:
     1. testthat::expect_equal(...)
     4. gamesGA::games_ga(...)
     5. base::strsplit(x = genomes[i], split = " ")
    
     ── 2. Error: Fitness vector length and type accurate (@test-gamesGA.R#17) ─────
     non-character argument
     Backtrace:
     1. testthat::expect_equal(...)
     4. gamesGA::games_ga(...)
     5. base::strsplit(x = genomes[i], split = " ")
    
     ══ testthat results ═══════════════════════════════════════════════════════════
     [ OK: 18 | SKIPPED: 0 | WARNINGS: 0 | FAILED: 2 ]
     1. Error: Correct column in gamesGA return (@test-gamesGA.R#5)
     2. Error: Fitness vector length and type accurate (@test-gamesGA.R#17)
    
     Error: testthat unit tests failed
     Execution halted
Flavors: r-devel-linux-x86_64-fedora-clang, r-devel-linux-x86_64-fedora-gcc