CRAN Package Check Results for Package gWQSRS

Last updated on 2020-02-17 14:47:49 CET.

Flavor Version Tinstall Tcheck Ttotal Status Flags
r-devel-linux-x86_64-debian-clang 1.1.0 8.30 67.59 75.89 OK
r-devel-linux-x86_64-debian-gcc 1.1.0 6.18 52.03 58.21 OK
r-devel-linux-x86_64-fedora-clang 1.1.0 88.84 NOTE
r-devel-linux-x86_64-fedora-gcc 1.1.0 86.74 NOTE
r-devel-windows-ix86+x86_64 1.1.0 22.00 82.00 104.00 OK
r-devel-windows-ix86+x86_64-gcc8 1.1.0 43.00 119.00 162.00 OK
r-patched-linux-x86_64 1.1.0 6.52 58.11 64.63 OK
r-patched-solaris-x86 1.1.0 118.90 NOTE
r-release-linux-x86_64 1.1.0 7.48 57.35 64.83 OK
r-release-windows-ix86+x86_64 1.1.0 20.00 73.00 93.00 OK
r-release-osx-x86_64 1.1.0 NOTE
r-oldrel-windows-ix86+x86_64 1.1.0 10.00 73.00 83.00 OK
r-oldrel-osx-x86_64 1.1.0 NOTE

Check Details

Version: 1.1.0
Check: dependencies in R code
Result: NOTE
    Namespaces in Imports field not imported from:
     ‘broom’ ‘dplyr’ ‘ggrepel’ ‘kableExtra’ ‘knitr’ ‘nnet’ ‘plotROC’
     All declared Imports should be used.
Flavors: r-devel-linux-x86_64-fedora-clang, r-devel-linux-x86_64-fedora-gcc, r-patched-solaris-x86, r-release-osx-x86_64, r-oldrel-osx-x86_64