CRAN Package Check Results for Package fuzzyforest

Last updated on 2020-03-30 20:48:28 CEST.

Flavor Version Tinstall Tcheck Ttotal Status Flags
r-devel-linux-x86_64-debian-clang 1.0.8 4.42 149.30 153.72 OK
r-devel-linux-x86_64-debian-gcc 1.0.8 4.44 114.16 118.60 OK
r-devel-linux-x86_64-fedora-clang 1.0.8 180.23 OK
r-devel-linux-x86_64-fedora-gcc 1.0.8 179.83 OK
r-devel-windows-ix86+x86_64 1.0.7 23.00 76.00 99.00 OK
r-devel-windows-ix86+x86_64-gcc8 1.0.8 20.00 84.00 104.00 OK
r-patched-linux-x86_64 1.0.8 4.27 142.42 146.69 OK
r-patched-solaris-x86 1.0.8 274.70 OK
r-release-linux-x86_64 1.0.8 4.38 127.84 132.22 OK
r-release-windows-ix86+x86_64 1.0.8 27.00 136.00 163.00 OK
r-release-osx-x86_64 1.0.8 NOTE
r-oldrel-windows-ix86+x86_64 1.0.7 29.00 201.00 230.00 OK
r-oldrel-osx-x86_64 1.0.7 OK

Check Details

Version: 1.0.8
Check: package dependencies
Result: NOTE
    Package suggested but not available for checking: ‘WGCNA’
Flavor: r-release-osx-x86_64