CRAN Package Check Results for Package fungible

Last updated on 2020-07-06 21:50:17 CEST.

Flavor Version Tinstall Tcheck Ttotal Status Flags
r-devel-linux-x86_64-debian-clang 1.96.3 15.85 140.28 156.13 OK
r-devel-linux-x86_64-debian-gcc 1.96.3 11.86 104.76 116.62 OK
r-devel-linux-x86_64-fedora-clang 1.96.3 190.55 NOTE
r-devel-linux-x86_64-fedora-gcc 1.96.3 179.40 NOTE
r-devel-windows-ix86+x86_64 1.96.3 31.00 206.00 237.00 OK
r-patched-linux-x86_64 1.96.3 15.76 136.37 152.13 OK
r-patched-solaris-x86 1.96.3 228.90 NOTE
r-release-linux-x86_64 1.96.3 15.83 136.54 152.37 OK
r-release-osx-x86_64 1.96.3 NOTE
r-release-windows-ix86+x86_64 1.96.3 25.00 153.00 178.00 OK
r-oldrel-osx-x86_64 1.96.3 NOTE
r-oldrel-windows-ix86+x86_64 1.96.3 20.00 192.00 212.00 OK

Check Details

Version: 1.96.3
Check: data for non-ASCII characters
Result: NOTE
     Note: found 1 marked UTF-8 string
Flavors: r-devel-linux-x86_64-fedora-clang, r-devel-linux-x86_64-fedora-gcc, r-patched-solaris-x86, r-release-osx-x86_64, r-oldrel-osx-x86_64