CRAN Package Check Results for Package fungible

Last updated on 2020-02-21 17:47:46 CET.

Flavor Version Tinstall Tcheck Ttotal Status Flags
r-devel-linux-x86_64-debian-clang 1.95.2 12.72 139.83 152.55 OK
r-devel-linux-x86_64-debian-gcc 1.95.2 14.25 101.61 115.86 OK
r-devel-linux-x86_64-fedora-clang 1.95.2 188.13 NOTE
r-devel-linux-x86_64-fedora-gcc 1.95.2 178.75 NOTE
r-devel-windows-ix86+x86_64 1.95.2 18.00 147.00 165.00 OK
r-devel-windows-ix86+x86_64-gcc8 1.95.2 32.00 207.00 239.00 OK
r-patched-linux-x86_64 1.95.2 13.97 121.36 135.33 OK
r-patched-solaris-x86 1.95.2 4.10 ERROR
r-release-linux-x86_64 1.95.2 12.55 122.87 135.42 OK
r-release-windows-ix86+x86_64 1.95.2 21.00 145.00 166.00 OK
r-release-osx-x86_64 1.95.2 NOTE
r-oldrel-windows-ix86+x86_64 1.95.2 18.00 121.00 139.00 OK
r-oldrel-osx-x86_64 1.95.2 NOTE

Check Details

Version: 1.95.2
Check: data for non-ASCII characters
Result: NOTE
     Note: found 1 marked UTF-8 string
Flavors: r-devel-linux-x86_64-fedora-clang, r-devel-linux-x86_64-fedora-gcc, r-release-osx-x86_64, r-oldrel-osx-x86_64

Version: 1.95.2
Check: package dependencies
Result: ERROR
    Package required but not available: ‘Rcsdp’
    
    See section ‘The DESCRIPTION file’ in the ‘Writing R Extensions’
    manual.
Flavor: r-patched-solaris-x86