CRAN Package Check Results for Package fts

Last updated on 2021-04-15 09:49:59 CEST.

Flavor Version Tinstall Tcheck Ttotal Status Flags
r-devel-linux-x86_64-debian-clang 0.9.9.2 30.97 27.12 58.09 OK
r-devel-linux-x86_64-debian-gcc 0.9.9.2 22.70 21.20 43.90 OK
r-devel-linux-x86_64-fedora-clang 0.9.9.2 90.68 NOTE
r-devel-linux-x86_64-fedora-gcc 0.9.9.2 73.97 NOTE
r-devel-windows-ix86+x86_64 0.9.9.2 65.00 62.00 127.00 OK
r-devel-windows-x86_64-gcc10-UCRT 0.9.9.2 OK
r-patched-linux-x86_64 0.9.9.2 28.20 25.93 54.13 OK
r-patched-solaris-x86 0.9.9.2 115.10 OK
r-release-linux-x86_64 0.9.9.2 25.37 26.15 51.52 OK
r-release-macos-x86_64 0.9.9.2 OK
r-release-windows-ix86+x86_64 0.9.9.2 65.00 60.00 125.00 OK
r-oldrel-macos-x86_64 0.9.9.2 OK
r-oldrel-windows-ix86+x86_64 0.9.9.2 75.00 49.00 124.00 OK

Additional issues

clang-UBSAN gcc-UBSAN

Check Details

Version: 0.9.9.2
Check: installed package size
Result: NOTE
     installed size is 5.5Mb
     sub-directories of 1Mb or more:
     libs 5.3Mb
Flavor: r-devel-linux-x86_64-fedora-clang

Version: 0.9.9.2
Check: compiled code
Result: NOTE
    File ‘fts/libs/fts.so’:
     Found no calls to: ‘R_registerRoutines’, ‘R_useDynamicSymbols’
    
    It is good practice to register native routines and to disable symbol
    search.
    
    See ‘Writing portable packages’ in the ‘Writing R Extensions’ manual.
Flavors: r-devel-linux-x86_64-fedora-clang, r-devel-linux-x86_64-fedora-gcc