CRAN Package Check Results for Package fstcore

Last updated on 2021-06-22 09:51:36 CEST.

Flavor Version Tinstall Tcheck Ttotal Status Flags
r-devel-linux-x86_64-debian-clang 0.9.6 133.77 29.24 163.01 NOTE
r-devel-linux-x86_64-debian-gcc 0.9.6 88.53 22.71 111.24 NOTE
r-devel-linux-x86_64-fedora-clang 0.9.6 259.86 NOTE
r-devel-linux-x86_64-fedora-gcc 0.9.6 197.52 NOTE
r-devel-windows-x86_64 0.9.6 145.00 46.00 191.00 NOTE
r-devel-windows-x86_64-gcc10-UCRT 0.9.6 ERROR
r-patched-linux-x86_64 0.9.6 100.26 28.20 128.46 NOTE
r-patched-solaris-x86 0.9.6 171.00 NOTE
r-release-linux-x86_64 0.9.6 102.45 28.09 130.54 NOTE
r-release-macos-arm64 0.9.6 NOTE
r-release-macos-x86_64 0.9.6 NOTE
r-release-windows-ix86+x86_64 0.9.6 281.00 75.00 356.00 NOTE
r-oldrel-macos-x86_64 0.9.6 NOTE

Check Details

Version: 0.9.6
Check: LazyData
Result: NOTE
     'LazyData' is specified without a 'data' directory
Flavors: r-devel-linux-x86_64-debian-clang, r-devel-linux-x86_64-debian-gcc, r-devel-linux-x86_64-fedora-clang, r-devel-linux-x86_64-fedora-gcc, r-devel-windows-x86_64, r-devel-windows-x86_64-gcc10-UCRT, r-patched-linux-x86_64, r-patched-solaris-x86, r-release-linux-x86_64, r-release-macos-arm64, r-release-macos-x86_64, r-release-windows-ix86+x86_64

Version: 0.9.6
Check: installed package size
Result: NOTE
     installed size is 6.6Mb
     sub-directories of 1Mb or more:
     libs 6.4Mb
Flavors: r-devel-linux-x86_64-fedora-clang, r-release-macos-arm64, r-release-macos-x86_64, r-oldrel-macos-x86_64

Version: 0.9.6
Check: package dependencies
Result: NOTE
    Package suggested but not available for checking: 'lintr'
Flavor: r-devel-windows-x86_64-gcc10-UCRT

Version: 0.9.6
Check: tests
Result: ERROR
     Running 'testthat.R'
    Running the tests in 'tests/testthat.R' failed.
    Complete output:
     >
     > # required packages
     > library(testthat)
     > library(fstcore)
     > library(lintr)
     Error in library(lintr) : there is no package called 'lintr'
     Execution halted
Flavor: r-devel-windows-x86_64-gcc10-UCRT