CRAN Package Check Results for Package fssemR

Last updated on 2021-04-15 09:49:59 CEST.

Flavor Version Tinstall Tcheck Ttotal Status Flags
r-devel-linux-x86_64-debian-clang 0.1.6 51.00 154.12 205.12 NOTE
r-devel-linux-x86_64-debian-gcc 0.1.6 36.14 116.03 152.17 NOTE
r-devel-linux-x86_64-fedora-clang 0.1.6 256.90 NOTE
r-devel-linux-x86_64-fedora-gcc 0.1.6 247.24 NOTE
r-devel-windows-ix86+x86_64 0.1.6 98.00 261.00 359.00 NOTE
r-devel-windows-x86_64-gcc10-UCRT 0.1.6 NOTE
r-patched-linux-x86_64 0.1.6 40.03 148.21 188.24 OK
r-patched-solaris-x86 0.1.6 284.50 OK
r-release-linux-x86_64 0.1.6 40.51 147.53 188.04 OK
r-release-macos-x86_64 0.1.6 NOTE
r-release-windows-ix86+x86_64 0.1.6 78.00 258.00 336.00 OK
r-oldrel-macos-x86_64 0.1.6 NOTE
r-oldrel-windows-ix86+x86_64 0.1.6 86.00 176.00 262.00 OK

Check Details

Version: 0.1.6
Check: LazyData
Result: NOTE
     'LazyData' is specified without a 'data' directory
Flavors: r-devel-linux-x86_64-debian-clang, r-devel-linux-x86_64-debian-gcc, r-devel-linux-x86_64-fedora-clang, r-devel-linux-x86_64-fedora-gcc, r-devel-windows-ix86+x86_64, r-devel-windows-x86_64-gcc10-UCRT

Version: 0.1.6
Check: installed package size
Result: NOTE
     installed size is 13.9Mb
     sub-directories of 1Mb or more:
     libs 13.1Mb
Flavors: r-devel-linux-x86_64-fedora-clang, r-release-macos-x86_64, r-oldrel-macos-x86_64