CRAN Package Check Results for Package frailtypack

Last updated on 2020-02-27 17:50:55 CET.

Flavor Version Tinstall Tcheck Ttotal Status Flags
r-devel-linux-x86_64-debian-clang 3.1.0.1 186.28 213.41 399.69 NOTE
r-devel-linux-x86_64-debian-gcc 3.1.0.1 165.44 158.95 324.39 NOTE
r-devel-linux-x86_64-fedora-clang 3.1.0.1 550.15 NOTE
r-devel-linux-x86_64-fedora-gcc 3.1.0.1 530.35 NOTE
r-devel-windows-ix86+x86_64 3.1.0.1 398.00 251.00 649.00 NOTE
r-devel-windows-ix86+x86_64-gcc8 3.1.0 408.00 251.00 659.00 NOTE
r-patched-linux-x86_64 3.1.0 179.99 185.98 365.97 OK
r-patched-solaris-x86 3.1.0 913.80 NOTE
r-release-linux-x86_64 3.1.0 180.97 185.33 366.30 OK
r-release-windows-ix86+x86_64 3.1.0 406.00 219.00 625.00 NOTE
r-release-osx-x86_64 3.1.0 NOTE
r-oldrel-windows-ix86+x86_64 3.1.0 377.00 218.00 595.00 NOTE
r-oldrel-osx-x86_64 3.1.0 NOTE

Additional issues

gcc10 gcc10

Check Details

Version: 3.1.0.1
Check: DESCRIPTION meta-information
Result: NOTE
    Dependence on R version '3.6.2' not with patchlevel 0
Flavors: r-devel-linux-x86_64-debian-clang, r-devel-linux-x86_64-debian-gcc, r-devel-linux-x86_64-fedora-clang, r-devel-linux-x86_64-fedora-gcc

Version: 3.1.0.1
Check: installed package size
Result: NOTE
     installed size is 9.5Mb
     sub-directories of 1Mb or more:
     help 1.6Mb
     libs 6.0Mb
Flavors: r-devel-linux-x86_64-fedora-clang, r-devel-windows-ix86+x86_64

Version: 3.1.0.1
Check: dependencies in R code
Result: NOTE
    Namespaces in Imports field not imported from:
     ‘jsonlite’ ‘rhandsontable’ ‘shinyBS’ ‘shinydashboard’ ‘shinyjs’
     ‘shinythemes’
     All declared Imports should be used.
Flavors: r-devel-linux-x86_64-fedora-clang, r-devel-linux-x86_64-fedora-gcc

Version: 3.1.0
Check: installed package size
Result: NOTE
     installed size is 9.5Mb
     sub-directories of 1Mb or more:
     help 1.6Mb
     libs 6.0Mb
Flavors: r-devel-windows-ix86+x86_64-gcc8, r-patched-solaris-x86, r-release-windows-ix86+x86_64, r-release-osx-x86_64, r-oldrel-windows-ix86+x86_64, r-oldrel-osx-x86_64

Version: 3.1.0
Check: dependencies in R code
Result: NOTE
    Namespaces in Imports field not imported from:
     ‘jsonlite’ ‘rhandsontable’ ‘shinyBS’ ‘shinydashboard’ ‘shinyjs’
     ‘shinythemes’
     All declared Imports should be used.
Flavors: r-patched-solaris-x86, r-release-osx-x86_64, r-oldrel-osx-x86_64