CRAN Package Check Results for Package fractD

Last updated on 2021-06-22 09:51:36 CEST.

Flavor Version Tinstall Tcheck Ttotal Status Flags
r-devel-linux-x86_64-debian-clang 0.1.0 2.42 49.56 51.98 NOTE
r-devel-linux-x86_64-debian-gcc 0.1.0 2.00 40.15 42.15 NOTE
r-devel-linux-x86_64-fedora-clang 0.1.0 73.67 NOTE
r-devel-linux-x86_64-fedora-gcc 0.1.0 64.55 NOTE
r-devel-windows-x86_64 0.1.0 4.00 58.00 62.00 NOTE
r-devel-windows-x86_64-gcc10-UCRT 0.1.0 NOTE
r-patched-linux-x86_64 0.1.0 2.72 51.57 54.29 NOTE
r-patched-solaris-x86 0.1.0 126.80 NOTE
r-release-linux-x86_64 0.1.0 2.65 50.85 53.50 NOTE
r-release-macos-arm64 0.1.0 NOTE
r-release-macos-x86_64 0.1.0 NOTE
r-release-windows-ix86+x86_64 0.1.0 6.00 86.00 92.00 NOTE
r-oldrel-macos-x86_64 0.1.0 OK

Check Details

Version: 0.1.0
Check: LazyData
Result: NOTE
     'LazyData' is specified without a 'data' directory
Flavors: r-devel-linux-x86_64-debian-clang, r-devel-linux-x86_64-debian-gcc, r-devel-linux-x86_64-fedora-clang, r-devel-linux-x86_64-fedora-gcc, r-devel-windows-x86_64, r-devel-windows-x86_64-gcc10-UCRT, r-patched-linux-x86_64, r-patched-solaris-x86, r-release-linux-x86_64, r-release-macos-arm64, r-release-macos-x86_64, r-release-windows-ix86+x86_64