CRAN Package Check Results for Package forestmodel

Last updated on 2021-04-15 09:49:59 CEST.

Flavor Version Tinstall Tcheck Ttotal Status Flags
r-devel-linux-x86_64-debian-clang 0.6.2 6.42 55.40 61.82 NOTE
r-devel-linux-x86_64-debian-gcc 0.6.2 4.81 42.59 47.40 NOTE
r-devel-linux-x86_64-fedora-clang 0.6.2 84.08 NOTE
r-devel-linux-x86_64-fedora-gcc 0.6.2 70.27 NOTE
r-devel-windows-ix86+x86_64 0.6.2 16.00 75.00 91.00 NOTE
r-devel-windows-x86_64-gcc10-UCRT 0.6.2 NOTE
r-patched-linux-x86_64 0.6.2 5.16 51.74 56.90 OK
r-patched-solaris-x86 0.6.2 104.10 OK
r-release-linux-x86_64 0.6.2 5.89 51.64 57.53 OK
r-release-macos-x86_64 0.6.2 OK
r-release-windows-ix86+x86_64 0.6.2 27.00 81.00 108.00 OK
r-oldrel-macos-x86_64 0.6.2 OK
r-oldrel-windows-ix86+x86_64 0.6.2 12.00 50.00 62.00 OK

Check Details

Version: 0.6.2
Check: LazyData
Result: NOTE
     'LazyData' is specified without a 'data' directory
Flavors: r-devel-linux-x86_64-debian-clang, r-devel-linux-x86_64-debian-gcc, r-devel-linux-x86_64-fedora-clang, r-devel-linux-x86_64-fedora-gcc, r-devel-windows-ix86+x86_64, r-devel-windows-x86_64-gcc10-UCRT