CRAN Package Check Results for Package forestChange

Last updated on 2020-04-09 14:51:20 CEST.

Flavor Version Tinstall Tcheck Ttotal Status Flags
r-devel-linux-x86_64-debian-clang 1.0 12.01 100.90 112.91 OK
r-devel-linux-x86_64-debian-gcc 1.0 10.17 81.49 91.66 OK
r-devel-linux-x86_64-fedora-clang 1.0 136.59 NOTE
r-devel-linux-x86_64-fedora-gcc 1.0 135.32 NOTE
r-devel-windows-ix86+x86_64 1.0 23.00 170.00 193.00 OK
r-devel-windows-ix86+x86_64-gcc8 1.0 25.00 103.00 128.00 OK
r-patched-linux-x86_64 1.0 10.45 95.82 106.27 OK
r-patched-osx-x86_64 1.0 NOTE
r-patched-solaris-x86 1.0 200.50 NOTE
r-release-linux-x86_64 1.0 9.72 87.04 96.76 OK
r-release-windows-ix86+x86_64 1.0 22.00 124.00 146.00 OK
r-release-osx-x86_64 1.0 NOTE
r-oldrel-windows-ix86+x86_64 1.0 21.00 150.00 171.00 OK
r-oldrel-osx-x86_64 1.0 NOTE

Check Details

Version: 1.0
Check: dependencies in R code
Result: NOTE
    Namespace in Imports field not imported from: ‘sp’
     All declared Imports should be used.
Flavors: r-devel-linux-x86_64-fedora-clang, r-devel-linux-x86_64-fedora-gcc, r-patched-osx-x86_64, r-patched-solaris-x86, r-release-osx-x86_64, r-oldrel-osx-x86_64