CRAN Package Check Results for Package foreign

Last updated on 2021-04-10 09:48:32 CEST.

Flavor Version Tinstall Tcheck Ttotal Status Flags
r-devel-linux-x86_64-debian-clang 0.8-81 9.35 36.69 46.04 OK
r-devel-linux-x86_64-debian-gcc 0.8-81 6.70 28.18 34.88 OK
r-devel-linux-x86_64-fedora-clang 0.8-81 63.55 OK
r-devel-linux-x86_64-fedora-gcc 0.8-81 53.69 OK
r-devel-windows-ix86+x86_64 0.8-81 29.00 65.00 94.00 OK
r-devel-windows-x86_64-gcc10-UCRT 0.8-81 OK
r-patched-linux-x86_64 0.8-81 10.73 35.08 45.81 OK
r-patched-solaris-x86 0.8-81 OK
r-release-linux-x86_64 0.8-81 10.82 34.68 45.50 OK
r-release-macos-x86_64 0.8-81 OK
r-release-windows-ix86+x86_64 0.8-81 23.00 51.00 74.00 OK
r-oldrel-macos-x86_64 0.8-81 ERROR
r-oldrel-windows-ix86+x86_64 0.8-76 44.00 87.00 131.00 OK

Check Details

Version: 0.8-81
Check: whether package can be installed
Result: ERROR
    Installation failed.
Flavor: r-oldrel-macos-x86_64