CRAN Package Check Results for Package foreign

Last updated on 2020-07-06 21:50:17 CEST.

Flavor Version Tinstall Tcheck Ttotal Status Flags
r-devel-linux-x86_64-debian-clang 0.8-80 10.16 32.87 43.03 OK
r-devel-linux-x86_64-debian-gcc 0.8-80 7.73 26.25 33.98 OK
r-devel-linux-x86_64-fedora-clang 0.8-80 61.78 OK
r-devel-linux-x86_64-fedora-gcc 0.8-80 51.71 OK
r-devel-windows-ix86+x86_64 0.8-80 45.00 84.00 129.00 OK
r-patched-linux-x86_64 0.8-80 7.18 33.24 40.42 OK
r-patched-solaris-x86 0.8-80 OK
r-release-linux-x86_64 0.8-80 8.61 33.16 41.77 OK
r-release-osx-x86_64 0.8-80 OK
r-release-windows-ix86+x86_64 0.8-80 29.00 76.00 105.00 OK
r-oldrel-osx-x86_64 0.8-80 ERROR
r-oldrel-windows-ix86+x86_64 0.8-76 44.00 87.00 131.00 OK

Check Details

Version: 0.8-80
Check: whether package can be installed
Result: ERROR
    Installation failed.
Flavor: r-oldrel-osx-x86_64