CRAN Package Check Results for Package foieGras

Last updated on 2020-02-27 17:50:55 CET.

Flavor Version Tinstall Tcheck Ttotal Status Flags
r-devel-linux-x86_64-debian-clang 0.4.0 123.36 177.75 301.11 OK
r-devel-linux-x86_64-debian-gcc 0.4.0 102.48 134.85 237.33 OK
r-devel-linux-x86_64-fedora-clang 0.4.0 413.27 NOTE
r-devel-linux-x86_64-fedora-gcc 0.4.0 380.92 OK
r-devel-windows-ix86+x86_64 0.4.0 178.00 259.00 437.00 NOTE
r-devel-windows-ix86+x86_64-gcc8 0.4.0 196.00 283.00 479.00 NOTE
r-patched-linux-x86_64 0.4.0 101.83 158.34 260.17 OK
r-patched-solaris-x86 0.4.0 428.50 OK
r-release-linux-x86_64 0.4.0 104.70 154.43 259.13 OK
r-release-windows-ix86+x86_64 0.4.0 179.00 238.00 417.00 NOTE
r-release-osx-x86_64 0.4.0 NOTE
r-oldrel-windows-ix86+x86_64 0.4.0 158.00 244.00 402.00 NOTE
r-oldrel-osx-x86_64 0.4.0 NOTE

Additional issues

clang-UBSAN

Check Details

Version: 0.4.0
Check: installed package size
Result: NOTE
     installed size is 33.1Mb
     sub-directories of 1Mb or more:
     libs 31.8Mb
Flavors: r-devel-linux-x86_64-fedora-clang, r-devel-windows-ix86+x86_64, r-devel-windows-ix86+x86_64-gcc8, r-release-windows-ix86+x86_64, r-release-osx-x86_64, r-oldrel-windows-ix86+x86_64, r-oldrel-osx-x86_64