CRAN Package Check Results for Package flora

Last updated on 2020-02-28 22:53:32 CET.

Flavor Version Tinstall Tcheck Ttotal Status Flags
r-devel-linux-x86_64-debian-clang 0.3.0 35.07 53.43 88.50 OK
r-devel-linux-x86_64-debian-gcc 0.3.0 34.89 43.20 78.09 OK
r-devel-linux-x86_64-fedora-clang 0.3.0 123.98 NOTE
r-devel-linux-x86_64-fedora-gcc 0.3.0 117.57 OK
r-devel-windows-ix86+x86_64 0.3.0 77.00 68.00 145.00 NOTE
r-devel-windows-ix86+x86_64-gcc8 0.3.0 54.00 68.00 122.00 NOTE
r-patched-linux-x86_64 0.3.0 35.15 49.63 84.78 OK
r-patched-solaris-x86 0.3.0 194.20 NOTE
r-release-linux-x86_64 0.3.0 36.77 48.59 85.36 OK
r-release-windows-ix86+x86_64 0.3.0 52.00 79.00 131.00 NOTE
r-release-osx-x86_64 0.3.0 NOTE
r-oldrel-windows-ix86+x86_64 0.3.0 39.00 69.00 108.00 NOTE
r-oldrel-osx-x86_64 0.3.0 NOTE

Check Details

Version: 0.3.0
Check: installed package size
Result: NOTE
     installed size is 6.5Mb
     sub-directories of 1Mb or more:
     R 6.4Mb
Flavors: r-devel-linux-x86_64-fedora-clang, r-devel-windows-ix86+x86_64, r-devel-windows-ix86+x86_64-gcc8, r-patched-solaris-x86, r-release-windows-ix86+x86_64, r-release-osx-x86_64, r-oldrel-windows-ix86+x86_64, r-oldrel-osx-x86_64