CRAN Package Check Results for Package flexmet

Last updated on 2021-06-22 09:51:35 CEST.

Flavor Version Tinstall Tcheck Ttotal Status Flags
r-devel-linux-x86_64-debian-clang 1.0.0.0 3.76 49.71 53.47 NOTE
r-devel-linux-x86_64-debian-gcc 1.0.0.0 3.14 35.54 38.68 NOTE
r-devel-linux-x86_64-fedora-clang 1.0.0.0 72.03 NOTE
r-devel-linux-x86_64-fedora-gcc 1.0.0.0 62.87 NOTE
r-devel-windows-x86_64 1.0.0.0 6.00 48.00 54.00 NOTE
r-devel-windows-x86_64-gcc10-UCRT 1.0.0.0 NOTE
r-patched-linux-x86_64 1.0.0.0 3.43 47.81 51.24 NOTE
r-patched-solaris-x86 1.0.0.0 81.50 NOTE
r-release-linux-x86_64 1.0.0.0 3.22 48.16 51.38 NOTE
r-release-macos-arm64 1.0.0.0 NOTE
r-release-macos-x86_64 1.0.0.0 NOTE
r-release-windows-ix86+x86_64 1.0.0.0 7.00 66.00 73.00 NOTE
r-oldrel-macos-x86_64 1.0.0.0 OK

Check Details

Version: 1.0.0.0
Check: LazyData
Result: NOTE
     'LazyData' is specified without a 'data' directory
Flavors: r-devel-linux-x86_64-debian-clang, r-devel-linux-x86_64-debian-gcc, r-devel-linux-x86_64-fedora-clang, r-devel-linux-x86_64-fedora-gcc, r-devel-windows-x86_64, r-devel-windows-x86_64-gcc10-UCRT, r-patched-linux-x86_64, r-patched-solaris-x86, r-release-linux-x86_64, r-release-macos-arm64, r-release-macos-x86_64, r-release-windows-ix86+x86_64

Version: 1.0.0.0
Check: package vignettes
Result: NOTE
    Package vignette with placeholder title 'Vignette Title':
     'fmp.Rmd'
Flavors: r-devel-linux-x86_64-debian-clang, r-devel-linux-x86_64-debian-gcc, r-devel-windows-x86_64, r-patched-linux-x86_64, r-release-linux-x86_64, r-release-windows-ix86+x86_64