CRAN Package Check Results for Package flexmet

Last updated on 2020-02-21 17:47:46 CET.

Flavor Version Tinstall Tcheck Ttotal Status Flags
r-devel-linux-x86_64-debian-clang 1.0.0.0 3.27 46.84 50.11 NOTE
r-devel-linux-x86_64-debian-gcc 1.0.0.0 2.79 33.16 35.95 NOTE
r-devel-linux-x86_64-fedora-clang 1.0.0.0 58.72 OK
r-devel-linux-x86_64-fedora-gcc 1.0.0.0 58.34 OK
r-devel-windows-ix86+x86_64 1.0.0.0 7.00 56.00 63.00 NOTE
r-devel-windows-ix86+x86_64-gcc8 1.0.0.0 10.00 70.00 80.00 NOTE
r-patched-linux-x86_64 1.0.0.0 2.80 41.72 44.52 OK
r-patched-solaris-x86 1.0.0.0 74.90 OK
r-release-linux-x86_64 1.0.0.0 3.20 41.71 44.91 OK
r-release-windows-ix86+x86_64 1.0.0.0 5.00 55.00 60.00 OK
r-release-osx-x86_64 1.0.0.0 OK
r-oldrel-windows-ix86+x86_64 1.0.0.0 4.00 52.00 56.00 OK
r-oldrel-osx-x86_64 1.0.0.0 OK

Check Details

Version: 1.0.0.0
Check: package vignettes
Result: NOTE
    Package vignette with placeholder title 'Vignette Title':
     'fmp.Rmd'
Flavors: r-devel-linux-x86_64-debian-clang, r-devel-linux-x86_64-debian-gcc, r-devel-windows-ix86+x86_64, r-devel-windows-ix86+x86_64-gcc8