CRAN Package Check Results for Package flars

Last updated on 2021-04-15 09:49:59 CEST.

Flavor Version Tinstall Tcheck Ttotal Status Flags
r-devel-linux-x86_64-debian-clang 1.0 49.45 95.19 144.64 OK
r-devel-linux-x86_64-debian-gcc 1.0 32.54 75.22 107.76 OK
r-devel-linux-x86_64-fedora-clang 1.0 198.40 NOTE
r-devel-linux-x86_64-fedora-gcc 1.0 173.24 NOTE
r-devel-windows-ix86+x86_64 1.0 118.00 176.00 294.00 OK
r-devel-windows-x86_64-gcc10-UCRT 1.0 OK
r-patched-linux-x86_64 1.0 39.36 91.46 130.82 OK
r-patched-solaris-x86 1.0 235.30 OK
r-release-linux-x86_64 1.0 37.68 91.09 128.77 OK
r-release-macos-x86_64 1.0 OK
r-release-windows-ix86+x86_64 1.0 121.00 184.00 305.00 OK
r-oldrel-macos-x86_64 1.0 OK
r-oldrel-windows-ix86+x86_64 1.0 74.00 127.00 201.00 OK

Check Details

Version: 1.0
Check: compiled code
Result: NOTE
    File ‘flars/libs/flars.so’:
     Found no calls to: ‘R_registerRoutines’, ‘R_useDynamicSymbols’
    
    It is good practice to register native routines and to disable symbol
    search.
    
    See ‘Writing portable packages’ in the ‘Writing R Extensions’ manual.
Flavors: r-devel-linux-x86_64-fedora-clang, r-devel-linux-x86_64-fedora-gcc