CRAN Package Check Results for Package fishkirkko2015

Last updated on 2020-02-24 20:47:18 CET.

Flavor Version Tinstall Tcheck Ttotal Status Flags
r-devel-linux-x86_64-debian-clang 1.0.0 1.70 17.49 19.19 OK
r-devel-linux-x86_64-debian-gcc 1.0.0 1.39 14.12 15.51 OK
r-devel-linux-x86_64-fedora-clang 1.0.0 25.31 NOTE
r-devel-linux-x86_64-fedora-gcc 1.0.0 23.29 NOTE
r-devel-windows-ix86+x86_64 1.0.0 4.00 28.00 32.00 OK
r-devel-windows-ix86+x86_64-gcc8 1.0.0 5.00 43.00 48.00 OK
r-patched-linux-x86_64 1.0.0 1.16 16.16 17.32 OK
r-patched-solaris-x86 1.0.0 34.80 NOTE
r-release-linux-x86_64 1.0.0 1.28 16.24 17.52 OK
r-release-windows-ix86+x86_64 1.0.0 3.00 38.00 41.00 OK
r-release-osx-x86_64 1.0.0 NOTE
r-oldrel-windows-ix86+x86_64 1.0.0 2.00 24.00 26.00 OK
r-oldrel-osx-x86_64 1.0.0 NOTE

Check Details

Version: 1.0.0
Check: data for non-ASCII characters
Result: NOTE
     Note: found 7 marked UTF-8 strings
Flavors: r-devel-linux-x86_64-fedora-clang, r-devel-linux-x86_64-fedora-gcc, r-patched-solaris-x86, r-release-osx-x86_64, r-oldrel-osx-x86_64