CRAN Package Check Results for Package fishkirkko2015

Last updated on 2020-07-06 21:50:17 CEST.

Flavor Version Tinstall Tcheck Ttotal Status Flags
r-devel-linux-x86_64-debian-clang 1.0.0 1.78 17.85 19.63 OK
r-devel-linux-x86_64-debian-gcc 1.0.0 1.37 14.52 15.89 OK
r-devel-linux-x86_64-fedora-clang 1.0.0 32.64 NOTE
r-devel-linux-x86_64-fedora-gcc 1.0.0 23.28 NOTE
r-devel-windows-ix86+x86_64 1.0.0 10.00 38.00 48.00 OK
r-patched-linux-x86_64 1.0.0 1.60 17.98 19.58 OK
r-patched-solaris-x86 1.0.0 37.50 NOTE
r-release-linux-x86_64 1.0.0 1.53 17.91 19.44 OK
r-release-osx-x86_64 1.0.0 NOTE
r-release-windows-ix86+x86_64 1.0.0 3.00 28.00 31.00 OK
r-oldrel-osx-x86_64 1.0.0 NOTE
r-oldrel-windows-ix86+x86_64 1.0.0 3.00 38.00 41.00 OK

Check Details

Version: 1.0.0
Check: data for non-ASCII characters
Result: NOTE
     Note: found 7 marked UTF-8 strings
Flavors: r-devel-linux-x86_64-fedora-clang, r-devel-linux-x86_64-fedora-gcc, r-patched-solaris-x86, r-release-osx-x86_64, r-oldrel-osx-x86_64