CRAN Package Check Results for Package fingertipsR

Last updated on 2020-03-30 20:48:27 CEST.

Flavor Version Tinstall Tcheck Ttotal Status Flags
r-devel-linux-x86_64-debian-clang 1.0.2 6.04 116.93 122.97 OK
r-devel-linux-x86_64-debian-gcc 1.0.2 5.16 90.45 95.61 OK
r-devel-linux-x86_64-fedora-clang 1.0.2 146.49 OK
r-devel-linux-x86_64-fedora-gcc 1.0.2 142.52 OK
r-devel-windows-ix86+x86_64 1.0.2 20.00 413.00 433.00 OK
r-devel-windows-ix86+x86_64-gcc8 1.0.2 17.00 419.00 436.00 OK
r-patched-linux-x86_64 1.0.2 5.80 112.41 118.21 OK
r-patched-solaris-x86 1.0.2 195.60 WARN
r-release-linux-x86_64 1.0.2 5.05 105.71 110.76 OK
r-release-windows-ix86+x86_64 1.0.2 33.00 488.00 521.00 OK
r-release-osx-x86_64 1.0.2 WARN
r-oldrel-windows-ix86+x86_64 1.0.2 18.00 505.00 523.00 OK
r-oldrel-osx-x86_64 1.0.2 WARN

Check Details

Version: 1.0.2
Check: re-building of vignette outputs
Result: WARN
    Error(s) in re-building vignettes:
     ...
    --- re-building ‘lifeExpectancy.Rmd’ using rmarkdown
    Warning in engine$weave(file, quiet = quiet, encoding = enc) :
     Pandoc (>= 1.12.3) and/or pandoc-citeproc not available. Falling back to R Markdown v1.
    Quitting from lines 76-77 (lifeExpectancy.Rmd)
    Error: processing vignette 'lifeExpectancy.Rmd' failed with diagnostics:
    there is no package called 'webshot'
    --- failed re-building ‘lifeExpectancy.Rmd’
    
    --- re-building ‘selectIndicatorsRedRed.Rmd’ using rmarkdown
    Warning in engine$weave(file, quiet = quiet, encoding = enc) :
     Pandoc (>= 1.12.3) and/or pandoc-citeproc not available. Falling back to R Markdown v1.
    --- finished re-building ‘selectIndicatorsRedRed.Rmd’
    
    SUMMARY: processing the following file failed:
     ‘lifeExpectancy.Rmd’
    
    Error: Vignette re-building failed.
    Execution halted
Flavor: r-patched-solaris-x86

Version: 1.0.2
Check: re-building of vignette outputs
Result: WARN
    Error(s) in re-building vignettes:
     ...
    --- re-building ‘lifeExpectancy.Rmd’ using rmarkdown
    Warning in engine$weave(file, quiet = quiet, encoding = enc) :
     Pandoc (>= 1.12.3) and/or pandoc-citeproc not available. Falling back to R Markdown v1.
    Quitting from lines 76-77 (lifeExpectancy.Rmd)
    Error: processing vignette 'lifeExpectancy.Rmd' failed with diagnostics:
    cannot open the connection
    --- failed re-building ‘lifeExpectancy.Rmd’
    
    --- re-building ‘selectIndicatorsRedRed.Rmd’ using rmarkdown
    Warning in engine$weave(file, quiet = quiet, encoding = enc) :
     Pandoc (>= 1.12.3) and/or pandoc-citeproc not available. Falling back to R Markdown v1.
    --- finished re-building ‘selectIndicatorsRedRed.Rmd’
    
    SUMMARY: processing the following file failed:
     ‘lifeExpectancy.Rmd’
    
    Error: Vignette re-building failed.
    Execution halted
Flavor: r-release-osx-x86_64

Version: 1.0.2
Check: re-building of vignette outputs
Result: WARN
    Error in re-building vignettes:
     ...
    Warning in engine$weave(file, quiet = quiet, encoding = enc) :
     Pandoc (>= 1.12.3) and/or pandoc-citeproc not available. Falling back to R Markdown v1.
    Quitting from lines 76-77 (lifeExpectancy.Rmd)
    Error: processing vignette 'lifeExpectancy.Rmd' failed with diagnostics:
    cannot open the connection
    Execution halted
Flavor: r-oldrel-osx-x86_64