CRAN Package Check Results for Package fhidata

Last updated on 2020-02-27 17:50:55 CET.

Flavor Version Tinstall Tcheck Ttotal Status Flags
r-devel-linux-x86_64-debian-clang 2019.8.27 13.49 69.12 82.61 NOTE
r-devel-linux-x86_64-debian-gcc 2019.8.27 11.78 51.33 63.11 NOTE
r-devel-linux-x86_64-fedora-clang 2019.8.27 101.90 NOTE
r-devel-linux-x86_64-fedora-gcc 2019.8.27 96.50 NOTE
r-devel-windows-ix86+x86_64 2019.8.27 19.00 75.00 94.00 NOTE
r-devel-windows-ix86+x86_64-gcc8 2019.8.27 22.00 81.00 103.00 NOTE
r-patched-linux-x86_64 2019.8.27 11.59 62.35 73.94 NOTE
r-patched-solaris-x86 2019.8.27 149.80 NOTE
r-release-linux-x86_64 2019.8.27 13.11 61.70 74.81 NOTE
r-release-windows-ix86+x86_64 2019.8.27 18.00 74.00 92.00 NOTE
r-release-osx-x86_64 2019.8.27 NOTE
r-oldrel-windows-ix86+x86_64 2019.8.27 17.00 74.00 91.00 NOTE
r-oldrel-osx-x86_64 2019.8.27 NOTE

Check Details

Version: 2019.8.27
Check: package dependencies
Result: NOTE
    Package suggested but not available for checking: 'SDMTools'
Flavors: r-devel-linux-x86_64-debian-clang, r-devel-linux-x86_64-debian-gcc, r-devel-linux-x86_64-fedora-clang, r-devel-linux-x86_64-fedora-gcc, r-patched-linux-x86_64, r-patched-solaris-x86, r-release-linux-x86_64

Version: 2019.8.27
Check: installed package size
Result: NOTE
     installed size is 6.7Mb
     sub-directories of 1Mb or more:
     data 6.3Mb
Flavors: r-devel-linux-x86_64-fedora-clang, r-devel-windows-ix86+x86_64, r-devel-windows-ix86+x86_64-gcc8, r-patched-solaris-x86, r-release-windows-ix86+x86_64, r-release-osx-x86_64, r-oldrel-windows-ix86+x86_64, r-oldrel-osx-x86_64

Version: 2019.8.27
Check: data for non-ASCII characters
Result: NOTE
     Note: found 5077 marked UTF-8 strings
Flavors: r-devel-linux-x86_64-fedora-clang, r-devel-linux-x86_64-fedora-gcc, r-patched-solaris-x86, r-release-osx-x86_64, r-oldrel-osx-x86_64