CRAN Package Check Results for Package feisr

Last updated on 2021-06-24 09:52:28 CEST.

Flavor Version Tinstall Tcheck Ttotal Status Flags
r-devel-linux-x86_64-debian-clang 1.2.0 4.70 217.78 222.48 OK
r-devel-linux-x86_64-debian-gcc 1.2.0 3.42 151.97 155.39 OK
r-devel-linux-x86_64-fedora-clang 1.2.0 254.48 OK
r-devel-linux-x86_64-fedora-gcc 1.2.0 251.83 OK
r-devel-windows-x86_64 1.2.0 7.00 232.00 239.00 OK
r-devel-windows-x86_64-gcc10-UCRT 1.2.0 ERROR
r-patched-linux-x86_64 1.2.0 4.26 204.20 208.46 OK
r-patched-solaris-x86 1.2.0 348.80 OK
r-release-linux-x86_64 1.2.0 4.35 206.78 211.13 OK
r-release-macos-arm64 1.2.0 OK
r-release-macos-x86_64 1.2.0 OK
r-release-windows-ix86+x86_64 1.2.0 9.00 187.00 196.00 OK
r-oldrel-macos-x86_64 1.2.0 OK

Check Details

Version: 1.2.0
Check: package dependencies
Result: NOTE
    Package suggested but not available for checking: 'texreg'
Flavor: r-devel-windows-x86_64-gcc10-UCRT

Version: 1.2.0
Check: Rd cross-references
Result: NOTE
    Package unavailable to check Rd xrefs: 'texreg'
Flavor: r-devel-windows-x86_64-gcc10-UCRT

Version: 1.2.0
Check: tests
Result: ERROR
     Running 'testthat.R'
    Running the tests in 'tests/testthat.R' failed.
    Last 13 lines of output:
     > test_check("feisr")
     == Failed tests ================================================================
     -- Error (test_EstimationResults.R:221:3): extract feis (for texreg) -----------
     Error: there is no package called 'texreg'
     Backtrace:
     x
     1. +-feisr:::extract.feis(feis1.mod) test_EstimationResults.R:221:2
     2. \-base::loadNamespace(x)
     3. \-base::withRestarts(stop(cond), retry_loadNamespace = function() NULL)
     4. \-base:::withOneRestart(expr, restarts[[1L]])
     5. \-base:::doWithOneRestart(return(expr), restart)
    
     [ FAIL 1 | WARN 0 | SKIP 0 | PASS 168 ]
     Error: Test failures
     Execution halted
Flavor: r-devel-windows-x86_64-gcc10-UCRT

Version: 1.2.0
Check: re-building of vignette outputs
Result: WARN
    Error(s) in re-building vignettes:
     ...
    --- re-building 'feisr-vignette.Rmd' using rmarkdown
    Quitting from lines 118-124 (feisr-vignette.Rmd)
    Error: processing vignette 'feisr-vignette.Rmd' failed with diagnostics:
    there is no package called 'texreg'
    --- failed re-building 'feisr-vignette.Rmd'
    
    SUMMARY: processing the following file failed:
     'feisr-vignette.Rmd'
    
    Error: Vignette re-building failed.
    Execution halted
Flavor: r-devel-windows-x86_64-gcc10-UCRT