CRAN Package Check Results for Package fdm2id

Last updated on 2020-02-21 17:47:45 CET.

Flavor Version Tinstall Tcheck Ttotal Status Flags
r-devel-linux-x86_64-debian-clang 0.9.1 15.77 181.68 197.45 OK
r-devel-linux-x86_64-debian-gcc 0.9.1 14.75 138.75 153.50 OK
r-devel-linux-x86_64-fedora-clang 0.9.1 237.06 NOTE
r-devel-linux-x86_64-fedora-gcc 0.9.1 158.94 NOTE
r-devel-windows-ix86+x86_64 0.9.1 40.00 210.00 250.00 OK
r-devel-windows-ix86+x86_64-gcc8 0.9.1 64.00 295.00 359.00 OK
r-patched-linux-x86_64 0.9.1 13.09 160.96 174.05 OK
r-patched-solaris-x86 0.9.1 304.20 NOTE
r-release-linux-x86_64 0.9.1 13.57 160.22 173.79 OK
r-release-windows-ix86+x86_64 0.9.1 28.00 222.00 250.00 OK
r-release-osx-x86_64 0.9.1 NOTE
r-oldrel-windows-ix86+x86_64 0.9.1 22.00 177.00 199.00 OK
r-oldrel-osx-x86_64 0.9.1 NOTE

Check Details

Version: 0.9.1
Check: package dependencies
Result: NOTE
    Imports includes 26 non-default packages.
    Importing from so many packages makes the package vulnerable to any of
    them becoming unavailable. Move as many as possible to Suggests and
    use conditionally.
Flavor: r-devel-linux-x86_64-fedora-clang

Version: 0.9.1
Check: data for non-ASCII characters
Result: NOTE
     Note: found 3 marked Latin-1 strings
     Note: found 3 marked UTF-8 strings
Flavors: r-devel-linux-x86_64-fedora-clang, r-devel-linux-x86_64-fedora-gcc, r-patched-solaris-x86, r-release-osx-x86_64, r-oldrel-osx-x86_64