CRAN Package Check Results for Package fdasrvf

Last updated on 2020-03-30 20:48:27 CEST.

Flavor Version Tinstall Tcheck Ttotal Status Flags
r-devel-linux-x86_64-debian-clang 1.9.3 95.48 179.81 275.29 OK
r-devel-linux-x86_64-debian-gcc 1.9.3 63.12 136.81 199.93 OK
r-devel-linux-x86_64-fedora-clang 1.9.3 343.74 NOTE
r-devel-linux-x86_64-fedora-gcc 1.9.3 320.39 OK
r-devel-windows-ix86+x86_64 1.9.3 165.00 288.00 453.00 OK
r-devel-windows-ix86+x86_64-gcc8 1.9.3 178.00 262.00 440.00 NOTE
r-patched-linux-x86_64 1.9.3 74.99 174.49 249.48 OK
r-patched-solaris-x86 1.9.3 397.90 OK
r-release-linux-x86_64 1.9.3 72.85 158.68 231.53 OK
r-release-windows-ix86+x86_64 1.9.3 272.00 370.00 642.00 OK
r-release-osx-x86_64 1.9.3 WARN
r-oldrel-windows-ix86+x86_64 1.9.3 252.00 470.00 722.00 OK
r-oldrel-osx-x86_64 1.9.3 WARN

Check Details

Version: 1.9.3
Check: installed package size
Result: NOTE
     installed size is 6.3Mb
     sub-directories of 1Mb or more:
     data 2.3Mb
     libs 3.5Mb
Flavors: r-devel-linux-x86_64-fedora-clang, r-devel-windows-ix86+x86_64-gcc8, r-release-osx-x86_64, r-oldrel-osx-x86_64

Version: 1.9.3
Check: whether package can be installed
Result: WARN
    Found the following significant warnings:
     Warning: 'rgl.init' failed, running with 'rgl.useNULL = TRUE'.
Flavors: r-release-osx-x86_64, r-oldrel-osx-x86_64