CRAN Package Check Results for Package fda.usc

Last updated on 2020-03-30 20:48:27 CEST.

Flavor Version Tinstall Tcheck Ttotal Status Flags
r-devel-linux-x86_64-debian-clang 2.0.2 41.51 215.62 257.13 OK
r-devel-linux-x86_64-debian-gcc 2.0.2 40.22 160.20 200.42 OK
r-devel-linux-x86_64-fedora-clang 2.0.2 303.24 NOTE
r-devel-linux-x86_64-fedora-gcc 2.0.2 297.68 NOTE
r-devel-windows-ix86+x86_64 2.0.2 55.00 232.00 287.00 OK
r-devel-windows-ix86+x86_64-gcc8 2.0.2 57.00 226.00 283.00 OK
r-patched-linux-x86_64 2.0.2 40.49 208.57 249.06 OK
r-patched-solaris-x86 2.0.2 384.90 NOTE
r-release-linux-x86_64 2.0.2 42.19 189.35 231.54 OK
r-release-windows-ix86+x86_64 2.0.2 77.00 314.00 391.00 OK
r-release-osx-x86_64 2.0.2 NOTE
r-oldrel-windows-ix86+x86_64 2.0.2 70.00 271.00 341.00 OK
r-oldrel-osx-x86_64 2.0.2 NOTE

Check Details

Version: 2.0.2
Check: data for non-ASCII characters
Result: NOTE
     Note: found 76 marked UTF-8 strings
Flavors: r-devel-linux-x86_64-fedora-clang, r-devel-linux-x86_64-fedora-gcc, r-patched-solaris-x86, r-release-osx-x86_64, r-oldrel-osx-x86_64