CRAN Package Check Results for Package fastmaRching

Last updated on 2020-05-29 17:49:04 CEST.

Flavor Version Tinstall Tcheck Ttotal Status Flags
r-devel-linux-x86_64-debian-clang 1.1.0 2.66 31.07 33.73 OK
r-devel-linux-x86_64-debian-gcc 1.1.0 2.13 23.56 25.69 OK
r-devel-linux-x86_64-fedora-clang 1.1.0 39.40 NOTE
r-devel-linux-x86_64-fedora-gcc 1.1.0 38.74 NOTE
r-devel-windows-ix86+x86_64 1.1.0 7.00 50.00 57.00 OK
r-patched-linux-x86_64 1.1.0 2.68 30.03 32.71 OK
r-patched-solaris-x86 1.1.0 55.30 NOTE
r-release-linux-x86_64 1.1.0 2.32 30.15 32.47 OK
r-release-osx-x86_64 1.1.0 NOTE
r-release-windows-ix86+x86_64 1.1.0 6.00 55.00 61.00 OK
r-oldrel-osx-x86_64 1.1.0 NOTE
r-oldrel-windows-ix86+x86_64 1.1.0 4.00 37.00 41.00 OK

Check Details

Version: 1.1.0
Check: dependencies in R code
Result: NOTE
    Namespace in Imports field not imported from: ‘rgdal’
     All declared Imports should be used.
Flavors: r-devel-linux-x86_64-fedora-clang, r-devel-linux-x86_64-fedora-gcc, r-patched-solaris-x86, r-release-osx-x86_64, r-oldrel-osx-x86_64