CRAN Package Check Results for Package fastlogranktest

Last updated on 2021-04-15 09:49:58 CEST.

Flavor Version Tinstall Tcheck Ttotal Status Flags
r-devel-linux-x86_64-debian-clang 0.2.1 25.77 29.03 54.80 NOTE
r-devel-linux-x86_64-debian-gcc 0.2.1 16.70 23.20 39.90 NOTE
r-devel-linux-x86_64-fedora-clang 0.2.1 83.90 NOTE
r-devel-linux-x86_64-fedora-gcc 0.2.1 67.29 NOTE
r-devel-windows-ix86+x86_64 0.2.1 64.00 77.00 141.00 NOTE
r-devel-windows-x86_64-gcc10-UCRT 0.2.1 NOTE
r-patched-linux-x86_64 0.2.1 19.92 27.83 47.75 OK
r-patched-solaris-x86 0.2.1 88.80 OK
r-release-linux-x86_64 0.2.1 20.02 27.99 48.01 OK
r-release-macos-x86_64 0.2.1 OK
r-release-windows-ix86+x86_64 0.2.1 52.00 81.00 133.00 OK
r-oldrel-macos-x86_64 0.2.1 OK
r-oldrel-windows-ix86+x86_64 0.2.1 58.00 54.00 112.00 OK

Check Details

Version: 0.2.1
Check: LazyData
Result: NOTE
     'LazyData' is specified without a 'data' directory
Flavors: r-devel-linux-x86_64-debian-clang, r-devel-linux-x86_64-debian-gcc, r-devel-linux-x86_64-fedora-clang, r-devel-linux-x86_64-fedora-gcc, r-devel-windows-ix86+x86_64, r-devel-windows-x86_64-gcc10-UCRT